CRAN Package Check Results for Package swdft

Last updated on 2025-05-23 05:52:41 CEST.

Flavor Version Tinstall Tcheck Ttotal Status Flags
r-devel-linux-x86_64-debian-clang 1.0.0 3.04 178.25 181.29 OK
r-devel-linux-x86_64-debian-gcc 1.0.0 2.21 106.89 109.10 OK
r-devel-linux-x86_64-fedora-clang 1.0.0 286.62 OK
r-devel-linux-x86_64-fedora-gcc 1.0.0 299.05 OK
r-devel-windows-x86_64 1.0.0 4.00 224.00 228.00 OK
r-patched-linux-x86_64 1.0.0 3.57 168.19 171.76 OK
r-release-linux-x86_64 1.0.0 2.39 173.05 175.44 OK
r-release-macos-arm64 1.0.0 72.00 OK
r-release-macos-x86_64 1.0.0 158.00 OK
r-release-windows-x86_64 1.0.0 5.00 171.00 176.00 OK
r-oldrel-macos-arm64 1.0.0 61.00 NOTE
r-oldrel-macos-x86_64 1.0.0 127.00 NOTE
r-oldrel-windows-x86_64 1.0.0 6.00 233.00 239.00 NOTE

Check Details

Version: 1.0.0
Check: LazyData
Result: NOTE 'LazyData' is specified without a 'data' directory Flavors: r-oldrel-macos-arm64, r-oldrel-macos-x86_64, r-oldrel-windows-x86_64

These binaries (installable software) and packages are in development.
They may not be fully stable and should be used with caution. We make no claims about them.