Last updated on 2025-10-23 11:50:30 CEST.
Flavor | Version | Tinstall | Tcheck | Ttotal | Status | Flags |
---|---|---|---|---|---|---|
r-devel-linux-x86_64-debian-clang | 1.7 | 4.91 | 56.45 | 61.36 | NOTE | |
r-devel-linux-x86_64-debian-gcc | 1.7 | 3.56 | 41.60 | 45.16 | OK | |
r-devel-linux-x86_64-fedora-clang | 1.7 | 24.00 | 68.07 | 92.07 | OK | |
r-devel-linux-x86_64-fedora-gcc | 1.7 | 11.00 | 69.80 | 80.80 | OK | |
r-devel-windows-x86_64 | 1.7 | 7.00 | 80.00 | 87.00 | OK | |
r-patched-linux-x86_64 | 1.7 | 5.95 | 50.83 | 56.78 | OK | |
r-release-linux-x86_64 | 1.7 | 4.14 | 51.53 | 55.67 | OK | |
r-release-macos-arm64 | 1.7 | 2.00 | 24.00 | 26.00 | OK | |
r-release-macos-x86_64 | 1.7 | 4.00 | 44.00 | 48.00 | OK | |
r-release-windows-x86_64 | 1.7 | 8.00 | 83.00 | 91.00 | OK | |
r-oldrel-macos-arm64 | 1.7 | 2.00 | 30.00 | 32.00 | OK | |
r-oldrel-macos-x86_64 | 1.7 | 4.00 | 45.00 | 49.00 | OK | |
r-oldrel-windows-x86_64 | 1.7 | 10.00 | 97.00 | 107.00 | OK |
Version: 1.7
Check: HTML version of manual
Result: NOTE
Found the following HTML validation problems:
betaParams.html:51:1 (betaParams.Rd:12): Warning: missing </ul> before </div>
gammaParams.html:51:1 (gammaParams.Rd:12): Warning: missing </ul> before </div>
lab.wid.html:46:1 (lab.wid.Rd:10): Warning: missing </ul> before </div>
Flavor: r-devel-linux-x86_64-debian-clang
These binaries (installable software) and packages are in development.
They may not be fully stable and should be used with caution. We make no claims about them.