Last updated on 2025-07-26 07:50:36 CEST.
Flavor | Version | Tinstall | Tcheck | Ttotal | Status | Flags |
---|---|---|---|---|---|---|
r-devel-linux-x86_64-debian-clang | 1.4 | 5.19 | 46.31 | 51.50 | NOTE | |
r-devel-linux-x86_64-debian-gcc | 1.4 | 3.43 | 31.89 | 35.32 | NOTE | |
r-devel-linux-x86_64-fedora-clang | 1.4 | 76.91 | OK | |||
r-devel-linux-x86_64-fedora-gcc | 1.4 | 68.43 | OK | |||
r-devel-windows-x86_64 | 1.4 | 5.00 | 70.00 | 75.00 | OK | |
r-patched-linux-x86_64 | 1.4 | 3.78 | 41.96 | 45.74 | OK | |
r-release-linux-x86_64 | 1.4 | 3.96 | 42.34 | 46.30 | OK | |
r-release-macos-arm64 | 1.4 | 26.00 | OK | |||
r-release-macos-x86_64 | 1.4 | 46.00 | OK | |||
r-release-windows-x86_64 | 1.4 | 5.00 | 65.00 | 70.00 | OK | |
r-oldrel-macos-arm64 | 1.4 | 26.00 | OK | |||
r-oldrel-macos-x86_64 | 1.4 | 36.00 | OK | |||
r-oldrel-windows-x86_64 | 1.4 | 7.00 | 76.00 | 83.00 | OK |
Version: 1.4
Check: CRAN incoming feasibility
Result: NOTE
Maintainer: ‘Juan Xiong <jxiong@szu.edu.cn>’
No Authors@R field in DESCRIPTION.
Please add one, modifying
Authors@R: c(person(given = "Juan",
family = "Xiong",
role = c("aut", "cre"),
email = "jxiong@szu.edu.cn"),
person(given = c("Grace", "Y."),
family = "Yi",
role = "aut",
email = "yyi@uwaterloo.ca"))
as necessary.
Flavors: r-devel-linux-x86_64-debian-clang, r-devel-linux-x86_64-debian-gcc
These binaries (installable software) and packages are in development.
They may not be fully stable and should be used with caution. We make no claims about them.