Last updated on 2025-07-02 01:51:53 CEST.
Flavor | Version | Tinstall | Tcheck | Ttotal | Status | Flags |
---|---|---|---|---|---|---|
r-devel-linux-x86_64-debian-clang | 2.4.5 | 6.80 | 51.47 | 58.27 | OK | |
r-devel-linux-x86_64-debian-gcc | 2.4.5 | 4.42 | 38.09 | 42.51 | OK | |
r-devel-linux-x86_64-fedora-clang | 2.4.5 | 89.48 | OK | |||
r-devel-linux-x86_64-fedora-gcc | 2.4.5 | 81.19 | OK | |||
r-devel-windows-x86_64 | 2.4.5 | 9.00 | 84.00 | 93.00 | OK | |
r-patched-linux-x86_64 | OK | |||||
r-release-linux-x86_64 | 2.4.5 | 6.90 | 47.83 | 54.73 | OK | |
r-release-macos-arm64 | 2.4.5 | 42.00 | OK | |||
r-release-macos-x86_64 | 2.4.5 | 51.00 | OK | |||
r-release-windows-x86_64 | 2.4.5 | 9.00 | 87.00 | 96.00 | OK | |
r-oldrel-macos-arm64 | 2.4.5 | 30.00 | NOTE | |||
r-oldrel-macos-x86_64 | 2.4.5 | 43.00 | NOTE | |||
r-oldrel-windows-x86_64 | 2.4.5 | 11.00 | 92.00 | 103.00 | NOTE |
Version: 2.4.5
Check: LazyData
Result: NOTE
'LazyData' is specified without a 'data' directory
Flavors: r-oldrel-macos-arm64, r-oldrel-macos-x86_64, r-oldrel-windows-x86_64
These binaries (installable software) and packages are in development.
They may not be fully stable and should be used with caution. We make no claims about them.