Last updated on 2025-10-23 21:51:43 CEST.
Flavor | Version | Tinstall | Tcheck | Ttotal | Status | Flags |
---|---|---|---|---|---|---|
r-devel-linux-x86_64-debian-clang | 2.0.0 | 51.22 | 57.46 | 108.68 | NOTE | |
r-devel-linux-x86_64-debian-gcc | 2.0.0 | 37.93 | 40.26 | 78.19 | OK | |
r-devel-linux-x86_64-fedora-clang | 2.0.0 | 242.00 | -45.56 | 196.44 | OK | |
r-devel-linux-x86_64-fedora-gcc | 2.0.0 | 119.00 | 61.91 | 180.91 | OK | |
r-devel-windows-x86_64 | 2.0.0 | 60.00 | 90.00 | 150.00 | OK | |
r-patched-linux-x86_64 | 2.0.0 | 60.23 | 53.48 | 113.71 | OK | |
r-release-linux-x86_64 | 2.0.0 | 55.00 | 55.12 | 110.12 | OK | |
r-release-macos-arm64 | 2.0.0 | 19.00 | 26.00 | 45.00 | OK | |
r-release-macos-x86_64 | 2.0.0 | 43.00 | 58.00 | 101.00 | OK | |
r-release-windows-x86_64 | 2.0.0 | 60.00 | 95.00 | 155.00 | OK | |
r-oldrel-macos-arm64 | 2.0.0 | 18.00 | 25.00 | 43.00 | NOTE | |
r-oldrel-macos-x86_64 | 2.0.0 | 36.00 | 46.00 | 82.00 | NOTE | |
r-oldrel-windows-x86_64 | 2.0.0 | 73.00 | 113.00 | 186.00 | OK |
Version: 2.0.0
Check: HTML version of manual
Result: NOTE
Found the following HTML validation problems:
grad_msel.html:76:1 (grad_msel.Rd:29): Warning: missing </ul> before </div>
lnL_msel.html:75:1 (lnL_msel.Rd:28): Warning: missing </ul> before </div>
Flavor: r-devel-linux-x86_64-debian-clang
Version: 2.0.0
Check: installed package size
Result: NOTE
installed size is 5.3Mb
sub-directories of 1Mb or more:
libs 4.5Mb
Flavors: r-oldrel-macos-arm64, r-oldrel-macos-x86_64
These binaries (installable software) and packages are in development.
They may not be fully stable and should be used with caution. We make no claims about them.