Last updated on 2025-07-02 01:51:53 CEST.
Flavor | Version | Tinstall | Tcheck | Ttotal | Status | Flags |
---|---|---|---|---|---|---|
r-devel-linux-x86_64-debian-clang | 0.14.8 | 11.46 | 95.42 | 106.88 | NOTE | |
r-devel-linux-x86_64-debian-gcc | 0.14.8 | 6.58 | 59.31 | 65.89 | NOTE | |
r-devel-linux-x86_64-fedora-clang | 0.14.8 | 140.27 | OK | |||
r-devel-linux-x86_64-fedora-gcc | 0.14.8 | 184.10 | OK | |||
r-devel-windows-x86_64 | 0.14.8 | 15.00 | 148.00 | 163.00 | OK | |
r-patched-linux-x86_64 | OK | |||||
r-release-linux-x86_64 | 0.14.8 | 11.78 | 92.79 | 104.57 | OK | |
r-release-macos-arm64 | 0.14.8 | 118.00 | OK | |||
r-release-macos-x86_64 | 0.14.8 | 238.00 | OK | |||
r-release-windows-x86_64 | 0.14.8 | 14.00 | 146.00 | 160.00 | OK | |
r-oldrel-macos-arm64 | 0.14.8 | 133.00 | OK | |||
r-oldrel-macos-x86_64 | 0.14.8 | 206.00 | OK | |||
r-oldrel-windows-x86_64 | 0.14.8 | 18.00 | 165.00 | 183.00 | OK |
Version: 0.14.8
Check: CRAN incoming feasibility
Result: NOTE
Maintainer: ‘Gabriel Becker <gabembecker@gmail.com>’
No Authors@R field in DESCRIPTION.
Please add one, modifying
Authors@R: person(given = "Gabriel",
family = "Becker",
role = c("aut", "cre"),
email = "gabembecker@gmail.com")
as necessary.
Flavors: r-devel-linux-x86_64-debian-clang, r-devel-linux-x86_64-debian-gcc
These binaries (installable software) and packages are in development.
They may not be fully stable and should be used with caution. We make no claims about them.