Last updated on 2025-05-03 22:50:11 CEST.
Flavor | Version | Tinstall | Tcheck | Ttotal | Status | Flags |
---|---|---|---|---|---|---|
r-devel-linux-x86_64-debian-clang | 0.1-3 | 1.97 | 25.93 | 27.90 | NOTE | |
r-devel-linux-x86_64-debian-gcc | 0.1-3 | 1.63 | 21.07 | 22.70 | NOTE | |
r-devel-linux-x86_64-fedora-clang | 0.1-3 | 41.54 | NOTE | |||
r-devel-linux-x86_64-fedora-gcc | 0.1-3 | 39.85 | NOTE | |||
r-devel-windows-x86_64 | 0.1-3 | 3.00 | 60.00 | 63.00 | NOTE | |
r-patched-linux-x86_64 | 0.1-3 | 1.89 | 24.03 | 25.92 | NOTE | |
r-release-linux-x86_64 | NOTE | |||||
r-release-macos-arm64 | 0.1-3 | 21.00 | NOTE | |||
r-release-macos-x86_64 | 0.1-3 | 29.00 | NOTE | |||
r-release-windows-x86_64 | 0.1-3 | 4.00 | 45.00 | 49.00 | NOTE | |
r-oldrel-macos-arm64 | 0.1-3 | 17.00 | NOTE | |||
r-oldrel-macos-x86_64 | 0.1-3 | 26.00 | NOTE | |||
r-oldrel-windows-x86_64 | 0.1-3 | 4.00 | 52.00 | 56.00 | NOTE |
Version: 0.1-3
Check: Rd files
Result: NOTE
checkRd: (-1) hyph.support.en.Rd:19: Lost braces in \itemize; meant \describe ?
checkRd: (-1) hyph.support.en.Rd:20: Lost braces in \itemize; meant \describe ?
Flavors: r-devel-linux-x86_64-debian-clang, r-devel-linux-x86_64-debian-gcc, r-devel-linux-x86_64-fedora-clang, r-devel-linux-x86_64-fedora-gcc, r-devel-windows-x86_64, r-patched-linux-x86_64, r-release-linux-x86_64, r-release-macos-arm64, r-release-macos-x86_64, r-release-windows-x86_64, r-oldrel-macos-arm64, r-oldrel-macos-x86_64, r-oldrel-windows-x86_64
These binaries (installable software) and packages are in development.
They may not be fully stable and should be used with caution. We make no claims about them.