CRAN Package Check Results for Package sylly

Last updated on 2025-05-08 04:52:20 CEST.

Flavor Version Tinstall Tcheck Ttotal Status Flags
r-devel-linux-x86_64-debian-clang 0.1-6 4.18 35.19 39.37 NOTE
r-devel-linux-x86_64-debian-gcc 0.1-6 3.22 27.39 30.61 NOTE
r-devel-linux-x86_64-fedora-clang 0.1-6 64.03 NOTE
r-devel-linux-x86_64-fedora-gcc 0.1-6 75.90 NOTE
r-devel-windows-x86_64 0.1-6 6.00 55.00 61.00 NOTE
r-patched-linux-x86_64 0.1-6 3.80 32.49 36.29 NOTE
r-release-linux-x86_64 0.1-6 3.47 32.65 36.12 NOTE
r-release-macos-arm64 0.1-6 25.00 NOTE
r-release-macos-x86_64 0.1-6 55.00 NOTE
r-release-windows-x86_64 0.1-6 5.00 59.00 64.00 NOTE
r-oldrel-macos-arm64 0.1-6 28.00 NOTE
r-oldrel-macos-x86_64 0.1-6 42.00 NOTE
r-oldrel-windows-x86_64 0.1-6 8.00 64.00 72.00 NOTE

Check Details

Version: 0.1-6
Check: Rd files
Result: NOTE checkRd: (-1) kRp.hyphen-methods.Rd:84: Lost braces in \itemize; meant \describe ? checkRd: (-1) kRp.hyphen-methods.Rd:85: Lost braces in \itemize; meant \describe ? checkRd: (-1) kRp.hyphen-methods.Rd:86: Lost braces in \itemize; meant \describe ? checkRd: (-1) kRp.hyphen-methods.Rd:87: Lost braces in \itemize; meant \describe ? checkRd: (-1) manage.hyph.pat.Rd:53: Lost braces in \itemize; meant \describe ? checkRd: (-1) manage.hyph.pat.Rd:54: Lost braces in \itemize; meant \describe ? checkRd: (-1) manage.hyph.pat.Rd:55: Lost braces in \itemize; meant \describe ? checkRd: (-1) manage.hyph.pat.Rd:56: Lost braces in \itemize; meant \describe ? Flavors: r-devel-linux-x86_64-debian-clang, r-devel-linux-x86_64-debian-gcc, r-devel-linux-x86_64-fedora-clang, r-devel-linux-x86_64-fedora-gcc, r-devel-windows-x86_64, r-patched-linux-x86_64, r-release-linux-x86_64, r-release-macos-arm64, r-release-macos-x86_64, r-release-windows-x86_64, r-oldrel-macos-arm64, r-oldrel-macos-x86_64, r-oldrel-windows-x86_64

Version: 0.1-6
Check: package dependencies
Result: NOTE Packages suggested but not available for checking: 'sylly.de', 'sylly.es' Flavors: r-oldrel-macos-arm64, r-oldrel-macos-x86_64, r-oldrel-windows-x86_64

These binaries (installable software) and packages are in development.
They may not be fully stable and should be used with caution. We make no claims about them.