CRAN Package Check Results for Package symDMatrix

Last updated on 2025-10-23 17:51:05 CEST.

Flavor Version Tinstall Tcheck Ttotal Status Flags
r-devel-linux-x86_64-debian-clang 2.1.1 2.61 29.67 32.28 NOTE
r-devel-linux-x86_64-debian-gcc 2.1.1 1.83 23.53 25.36 NOTE
r-devel-linux-x86_64-fedora-clang 2.1.1 13.00 36.05 49.05 OK
r-devel-linux-x86_64-fedora-gcc 2.1.1 42.64 OK
r-devel-windows-x86_64 2.1.1 4.00 46.00 50.00 OK
r-patched-linux-x86_64 2.1.1 2.82 26.87 29.69 OK
r-release-linux-x86_64 2.1.1 2.59 27.17 29.76 OK
r-release-macos-arm64 2.1.1 2.00 19.00 21.00 OK
r-release-macos-x86_64 2.1.1 4.00 46.00 50.00 OK
r-release-windows-x86_64 2.1.1 4.00 48.00 52.00 OK
r-oldrel-macos-arm64 2.1.1 1.00 19.00 20.00 OK
r-oldrel-macos-x86_64 2.1.1 2.00 32.00 34.00 OK
r-oldrel-windows-x86_64 2.1.1 5.00 54.00 59.00 OK

Check Details

Version: 2.1.1
Check: CRAN incoming feasibility
Result: NOTE Maintainer: ‘Alexander Grueneberg <cran@agrueneberg.info>’ Package CITATION file contains call(s) to old-style citEntry(). Please use bibentry() instead. Flavors: r-devel-linux-x86_64-debian-clang, r-devel-linux-x86_64-debian-gcc

Version: 2.1.1
Check: HTML version of manual
Result: NOTE Found the following HTML validation problems: load.symDMatrix.html:61:1 (load.symDMatrix.Rd:20): Warning: missing </ul> before </div> Flavor: r-devel-linux-x86_64-debian-clang

These binaries (installable software) and packages are in development.
They may not be fully stable and should be used with caution. We make no claims about them.