Last updated on 2025-05-01 14:49:24 CEST.
Flavor | Version | Tinstall | Tcheck | Ttotal | Status | Flags |
---|---|---|---|---|---|---|
r-devel-linux-x86_64-debian-clang | 2.1.1 | 2.58 | 28.03 | 30.61 | NOTE | |
r-devel-linux-x86_64-debian-gcc | 2.1.1 | 1.90 | 22.00 | 23.90 | NOTE | |
r-devel-linux-x86_64-fedora-clang | 2.1.1 | 46.78 | OK | |||
r-devel-linux-x86_64-fedora-gcc | 2.1.1 | 44.22 | OK | |||
r-devel-windows-x86_64 | 2.1.1 | 4.00 | 51.00 | 55.00 | OK | |
r-patched-linux-x86_64 | 2.1.1 | 2.57 | 26.06 | 28.63 | OK | |
r-release-linux-x86_64 | OK | |||||
r-release-macos-arm64 | 2.1.1 | 21.00 | OK | |||
r-release-macos-x86_64 | 2.1.1 | 50.00 | OK | |||
r-release-windows-x86_64 | 2.1.1 | 4.00 | 57.00 | 61.00 | OK | |
r-oldrel-macos-arm64 | 2.1.1 | 20.00 | OK | |||
r-oldrel-macos-x86_64 | 2.1.1 | 34.00 | OK | |||
r-oldrel-windows-x86_64 | 2.1.1 | 4.00 | 52.00 | 56.00 | OK |
Version: 2.1.1
Check: CRAN incoming feasibility
Result: NOTE
Maintainer: ‘Alexander Grueneberg <cran@agrueneberg.info>’
Package CITATION file contains call(s) to old-style citEntry(). Please
use bibentry() instead.
Flavors: r-devel-linux-x86_64-debian-clang, r-devel-linux-x86_64-debian-gcc
These binaries (installable software) and packages are in development.
They may not be fully stable and should be used with caution. We make no claims about them.