CRAN Package Check Results for Package symDMatrix

Last updated on 2025-07-17 01:50:03 CEST.

Flavor Version Tinstall Tcheck Ttotal Status Flags
r-devel-linux-x86_64-debian-clang 2.1.1 2.55 28.34 30.89 NOTE
r-devel-linux-x86_64-debian-gcc 2.1.1 1.69 22.44 24.13 NOTE
r-devel-linux-x86_64-fedora-clang 2.1.1 45.63 OK
r-devel-linux-x86_64-fedora-gcc 2.1.1 43.09 OK
r-devel-windows-x86_64 2.1.1 3.00 47.00 50.00 OK
r-patched-linux-x86_64 2.1.1 2.71 25.82 28.53 OK
r-release-linux-x86_64 2.1.1 2.47 25.60 28.07 OK
r-release-macos-arm64 2.1.1 21.00 OK
r-release-macos-x86_64 2.1.1 50.00 OK
r-release-windows-x86_64 2.1.1 4.00 50.00 54.00 OK
r-oldrel-macos-arm64 2.1.1 20.00 OK
r-oldrel-macos-x86_64 2.1.1 34.00 OK
r-oldrel-windows-x86_64 2.1.1 5.00 60.00 65.00 OK

Check Details

Version: 2.1.1
Check: CRAN incoming feasibility
Result: NOTE Maintainer: ‘Alexander Grueneberg <cran@agrueneberg.info>’ Package CITATION file contains call(s) to old-style citEntry(). Please use bibentry() instead. Flavors: r-devel-linux-x86_64-debian-clang, r-devel-linux-x86_64-debian-gcc

These binaries (installable software) and packages are in development.
They may not be fully stable and should be used with caution. We make no claims about them.