Last updated on 2025-07-27 01:48:37 CEST.
Flavor | Version | Tinstall | Tcheck | Ttotal | Status | Flags |
---|---|---|---|---|---|---|
r-devel-linux-x86_64-debian-clang | 1.1.4 | 3.47 | 34.02 | 37.49 | OK | |
r-devel-linux-x86_64-debian-gcc | 1.1.4 | 2.80 | 27.19 | 29.99 | OK | |
r-devel-linux-x86_64-fedora-clang | 1.1.4 | 59.80 | NOTE | |||
r-devel-linux-x86_64-fedora-gcc | 1.1.4 | 68.35 | NOTE | |||
r-devel-windows-x86_64 | 1.1.4 | 5.00 | 64.00 | 69.00 | OK | |
r-patched-linux-x86_64 | 1.1.4 | 3.41 | 32.62 | 36.03 | OK | |
r-release-linux-x86_64 | 1.1.4 | 3.57 | 32.64 | 36.21 | OK | |
r-release-macos-arm64 | 1.1.4 | 50.00 | OK | |||
r-release-macos-x86_64 | 1.1.4 | 51.00 | OK | |||
r-release-windows-x86_64 | 1.1.4 | 5.00 | 55.00 | 60.00 | OK | |
r-oldrel-macos-arm64 | 1.1.4 | 28.00 | OK | |||
r-oldrel-macos-x86_64 | 1.1.4 | 62.00 | OK | |||
r-oldrel-windows-x86_64 | 1.1.4 | 6.00 | 65.00 | 71.00 | OK |
Version: 1.1.4
Check: dependencies in R code
Result: NOTE
Namespaces in Imports field not imported from:
‘htmltools’ ‘markdown’ ‘nextGenShinyApps’
All declared Imports should be used.
Flavors: r-devel-linux-x86_64-fedora-clang, r-devel-linux-x86_64-fedora-gcc
These binaries (installable software) and packages are in development.
They may not be fully stable and should be used with caution. We make no claims about them.