Last updated on 2025-05-08 04:52:20 CEST.
Flavor | Version | Tinstall | Tcheck | Ttotal | Status | Flags |
---|---|---|---|---|---|---|
r-devel-linux-x86_64-debian-clang | 1.1.4 | 3.45 | 34.68 | 38.13 | OK | |
r-devel-linux-x86_64-debian-gcc | 1.1.4 | 2.81 | 27.04 | 29.85 | OK | |
r-devel-linux-x86_64-fedora-clang | 1.1.4 | 61.59 | NOTE | |||
r-devel-linux-x86_64-fedora-gcc | 1.1.4 | 71.54 | NOTE | |||
r-devel-windows-x86_64 | 1.1.4 | 5.00 | 54.00 | 59.00 | OK | |
r-patched-linux-x86_64 | 1.1.4 | 3.46 | 32.95 | 36.41 | OK | |
r-release-linux-x86_64 | 1.1.4 | 3.52 | 32.57 | 36.09 | OK | |
r-release-macos-arm64 | 1.1.4 | 50.00 | OK | |||
r-release-macos-x86_64 | 1.1.4 | 51.00 | OK | |||
r-release-windows-x86_64 | 1.1.4 | 8.00 | 58.00 | 66.00 | OK | |
r-oldrel-macos-arm64 | 1.1.4 | 28.00 | OK | |||
r-oldrel-macos-x86_64 | 1.1.4 | 62.00 | OK | |||
r-oldrel-windows-x86_64 | 1.1.4 | 6.00 | 64.00 | 70.00 | OK |
Version: 1.1.4
Check: dependencies in R code
Result: NOTE
Namespaces in Imports field not imported from:
‘htmltools’ ‘markdown’ ‘nextGenShinyApps’
All declared Imports should be used.
Flavors: r-devel-linux-x86_64-fedora-clang, r-devel-linux-x86_64-fedora-gcc
These binaries (installable software) and packages are in development.
They may not be fully stable and should be used with caution. We make no claims about them.