Last updated on 2025-02-16 08:51:02 CET.
Flavor | Version | Tinstall | Tcheck | Ttotal | Status | Flags |
---|---|---|---|---|---|---|
r-devel-linux-x86_64-debian-clang | 1.1.4 | 3.44 | 33.90 | 37.34 | OK | |
r-devel-linux-x86_64-debian-gcc | 1.1.4 | 2.34 | 25.76 | 28.10 | OK | |
r-devel-linux-x86_64-fedora-clang | 1.1.4 | 61.01 | NOTE | |||
r-devel-linux-x86_64-fedora-gcc | 1.1.4 | 70.75 | NOTE | |||
r-devel-macos-arm64 | 1.1.4 | 32.00 | OK | |||
r-devel-macos-x86_64 | 1.1.4 | 50.00 | OK | |||
r-devel-windows-x86_64 | 1.1.4 | 5.00 | 57.00 | 62.00 | OK | |
r-patched-linux-x86_64 | 1.1.4 | 3.10 | 32.11 | 35.21 | OK | |
r-release-linux-x86_64 | 1.1.4 | 3.42 | 32.19 | 35.61 | OK | |
r-release-macos-arm64 | 1.1.4 | 28.00 | OK | |||
r-release-macos-x86_64 | 1.1.4 | 62.00 | OK | |||
r-release-windows-x86_64 | 1.1.4 | 5.00 | 64.00 | 69.00 | OK | |
r-oldrel-macos-arm64 | 1.1.4 | 34.00 | OK | |||
r-oldrel-macos-x86_64 | 1.1.4 | 58.00 | OK | |||
r-oldrel-windows-x86_64 | 1.1.4 | 6.00 | 66.00 | 72.00 | OK |
Version: 1.1.4
Check: dependencies in R code
Result: NOTE
Namespaces in Imports field not imported from:
‘htmltools’ ‘markdown’ ‘nextGenShinyApps’
All declared Imports should be used.
Flavors: r-devel-linux-x86_64-fedora-clang, r-devel-linux-x86_64-fedora-gcc
These binaries (installable software) and packages are in development.
They may not be fully stable and should be used with caution. We make no claims about them.