CRAN Package Check Results for Package symbol.equation.gpt

Last updated on 2025-11-13 17:50:50 CET.

Flavor Version Tinstall Tcheck Ttotal Status Flags
r-devel-linux-x86_64-debian-clang 1.1.4 3.59 36.42 40.01 OK
r-devel-linux-x86_64-debian-gcc 1.1.4 2.53 28.22 30.75 OK
r-devel-linux-x86_64-fedora-clang 1.1.4 59.32 NOTE
r-devel-linux-x86_64-fedora-gcc 1.1.4 71.73 NOTE
r-devel-windows-x86_64 1.1.4 6.00 54.00 60.00 OK
r-patched-linux-x86_64 1.1.4 3.39 35.07 38.46 OK
r-release-linux-x86_64 1.1.4 3.47 34.63 38.10 OK
r-release-macos-arm64 1.1.4 3.00 47.00 50.00 OK
r-release-macos-x86_64 1.1.4 3.00 48.00 51.00 OK
r-release-windows-x86_64 1.1.4 6.00 54.00 60.00 OK
r-oldrel-macos-arm64 1.1.4 2.00 26.00 28.00 OK
r-oldrel-macos-x86_64 1.1.4 4.00 58.00 62.00 OK
r-oldrel-windows-x86_64 1.1.4 7.00 63.00 70.00 OK

Check Details

Version: 1.1.4
Check: dependencies in R code
Result: NOTE Namespaces in Imports field not imported from: ‘htmltools’ ‘markdown’ ‘nextGenShinyApps’ All declared Imports should be used. Flavors: r-devel-linux-x86_64-fedora-clang, r-devel-linux-x86_64-fedora-gcc

These binaries (installable software) and packages are in development.
They may not be fully stable and should be used with caution. We make no claims about them.