CRAN Package Check Results for Package symbolicQspray

Last updated on 2025-07-27 07:49:47 CEST.

Flavor Version Tinstall Tcheck Ttotal Status Flags
r-devel-linux-x86_64-debian-clang 1.1.0 92.96 115.27 208.23 OK
r-devel-linux-x86_64-debian-gcc 1.1.0 73.47 79.47 152.94 OK
r-devel-linux-x86_64-fedora-clang 1.1.0 321.84 OK
r-devel-linux-x86_64-fedora-gcc 1.1.0 346.40 OK
r-devel-windows-x86_64 1.1.0 97.00 166.00 263.00 OK
r-patched-linux-x86_64 1.1.0 99.21 106.36 205.57 OK
r-release-linux-x86_64 1.1.0 97.79 105.05 202.84 OK
r-release-macos-arm64 1.1.0 97.00 OK
r-release-macos-x86_64 1.1.0 204.00 OK
r-release-windows-x86_64 1.1.0 100.00 146.00 246.00 OK
r-oldrel-macos-arm64 1.1.0 89.00 NOTE
r-oldrel-macos-x86_64 1.1.0 245.00 NOTE
r-oldrel-windows-x86_64 1.1.0 117.00 185.00 302.00 OK

Check Details

Version: 1.1.0
Check: installed package size
Result: NOTE installed size is 25.0Mb sub-directories of 1Mb or more: libs 24.3Mb Flavors: r-oldrel-macos-arm64, r-oldrel-macos-x86_64

These binaries (installable software) and packages are in development.
They may not be fully stable and should be used with caution. We make no claims about them.