Last updated on 2025-10-24 17:50:55 CEST.
| Flavor | Version | Tinstall | Tcheck | Ttotal | Status | Flags |
|---|---|---|---|---|---|---|
| r-devel-linux-x86_64-debian-clang | 0.2.10 | 386.00 | 59.75 | 445.75 | OK | |
| r-devel-linux-x86_64-debian-gcc | 0.2.10 | 355.32 | 42.45 | 397.77 | OK | |
| r-devel-linux-x86_64-fedora-clang | 0.2.10 | 1500.00 | -501.22 | 998.78 | OK | |
| r-devel-linux-x86_64-fedora-gcc | 0.2.10 | 900.00 | 187.87 | 1087.87 | OK | |
| r-devel-windows-x86_64 | 0.2.10 | 526.00 | 148.00 | 674.00 | OK | |
| r-patched-linux-x86_64 | 0.2.10 | 507.82 | 57.77 | 565.59 | OK | |
| r-release-linux-x86_64 | 0.2.10 | 497.38 | 57.31 | 554.69 | OK | |
| r-release-macos-arm64 | 0.2.10 | 190.00 | 53.00 | 243.00 | OK | |
| r-release-macos-x86_64 | 0.2.10 | 206.00 | 91.00 | 297.00 | OK | |
| r-release-windows-x86_64 | 0.2.10 | 538.00 | 144.00 | 682.00 | OK | |
| r-oldrel-macos-arm64 | 0.2.10 | 222.00 | 80.00 | 302.00 | NOTE | |
| r-oldrel-macos-x86_64 | 0.2.10 | 202.00 | 100.00 | 302.00 | NOTE | |
| r-oldrel-windows-x86_64 | 0.2.10 | 555.00 | 181.00 | 736.00 | NOTE |
Version: 0.2.10
Check: installed package size
Result: NOTE
installed size is 45.5Mb
sub-directories of 1Mb or more:
libs 44.9Mb
Flavors: r-oldrel-macos-arm64, r-oldrel-macos-x86_64, r-oldrel-windows-x86_64
Version: 0.2.10
Check: for GNU extensions in Makefiles
Result: NOTE
GNU make is a SystemRequirements.
Flavors: r-oldrel-macos-arm64, r-oldrel-macos-x86_64
These binaries (installable software) and packages are in development.
They may not be fully stable and should be used with caution. We make no claims about them.