Last updated on 2025-07-27 03:50:23 CEST.
Flavor | Version | Tinstall | Tcheck | Ttotal | Status | Flags |
---|---|---|---|---|---|---|
r-devel-linux-x86_64-debian-clang | 0.2.10 | 395.30 | 58.34 | 453.64 | OK | |
r-devel-linux-x86_64-debian-gcc | 0.2.10 | 360.71 | 42.17 | 402.88 | OK | |
r-devel-linux-x86_64-fedora-clang | 0.2.10 | 938.51 | OK | |||
r-devel-linux-x86_64-fedora-gcc | 0.2.10 | 1083.85 | OK | |||
r-devel-windows-x86_64 | 0.2.10 | 588.00 | 160.00 | 748.00 | OK | |
r-patched-linux-x86_64 | 0.2.10 | 501.52 | 55.92 | 557.44 | OK | |
r-release-linux-x86_64 | 0.2.10 | 510.04 | 54.91 | 564.95 | OK | |
r-release-macos-arm64 | 0.2.10 | 243.00 | OK | |||
r-release-macos-x86_64 | 0.2.10 | 297.00 | OK | |||
r-release-windows-x86_64 | 0.2.10 | 546.00 | 141.00 | 687.00 | OK | |
r-oldrel-macos-arm64 | 0.2.10 | 302.00 | NOTE | |||
r-oldrel-macos-x86_64 | 0.2.10 | 302.00 | NOTE | |||
r-oldrel-windows-x86_64 | 0.2.10 | 577.00 | 179.00 | 756.00 | NOTE |
Version: 0.2.10
Check: installed package size
Result: NOTE
installed size is 45.5Mb
sub-directories of 1Mb or more:
libs 44.9Mb
Flavors: r-oldrel-macos-arm64, r-oldrel-macos-x86_64, r-oldrel-windows-x86_64
Version: 0.2.10
Check: for GNU extensions in Makefiles
Result: NOTE
GNU make is a SystemRequirements.
Flavors: r-oldrel-macos-arm64, r-oldrel-macos-x86_64
These binaries (installable software) and packages are in development.
They may not be fully stable and should be used with caution. We make no claims about them.