Last updated on 2024-07-27 15:50:35 CEST.
Flavor | Version | Tinstall | Tcheck | Ttotal | Status | Flags |
---|---|---|---|---|---|---|
r-devel-linux-x86_64-debian-clang | 0.2.6 | 532.16 | 72.24 | 604.40 | NOTE | |
r-devel-linux-x86_64-debian-gcc | 0.2.6 | NOTE | ||||
r-devel-linux-x86_64-fedora-clang | 0.2.6 | 1135.30 | NOTE | |||
r-devel-linux-x86_64-fedora-gcc | 0.2.6 | 1218.21 | NOTE | |||
r-devel-windows-x86_64 | 0.2.6 | 528.00 | 183.00 | 711.00 | NOTE | |
r-patched-linux-x86_64 | 0.2.6 | NOTE | ||||
r-release-linux-x86_64 | 0.2.6 | 576.48 | 72.26 | 648.74 | NOTE | |
r-release-macos-arm64 | 0.2.6 | 222.00 | NOTE | |||
r-release-macos-x86_64 | 0.2.6 | 208.00 | NOTE | |||
r-release-windows-x86_64 | 0.2.6 | 542.00 | 188.00 | 730.00 | NOTE | |
r-oldrel-macos-arm64 | 0.2.6 | 296.00 | NOTE | |||
r-oldrel-macos-x86_64 | 0.2.6 | 321.00 | NOTE | |||
r-oldrel-windows-x86_64 | 0.2.6 | 506.00 | 223.00 | 729.00 | NOTE |
Version: 0.2.6
Check: package dependencies
Result: NOTE
Package suggested but not available for checking: ‘odeintr’
Flavors: r-devel-linux-x86_64-debian-clang, r-devel-linux-x86_64-debian-gcc, r-devel-linux-x86_64-fedora-clang, r-devel-linux-x86_64-fedora-gcc, r-patched-linux-x86_64, r-release-linux-x86_64
Version: 0.2.6
Check: installed package size
Result: NOTE
installed size is 7.0Mb
sub-directories of 1Mb or more:
libs 6.2Mb
Flavors: r-devel-linux-x86_64-fedora-clang, r-devel-windows-x86_64, r-release-macos-arm64, r-release-macos-x86_64, r-release-windows-x86_64, r-oldrel-macos-arm64, r-oldrel-macos-x86_64, r-oldrel-windows-x86_64
Version: 0.2.6
Check: for GNU extensions in Makefiles
Result: NOTE
GNU make is a SystemRequirements.
Flavors: r-devel-linux-x86_64-fedora-clang, r-devel-linux-x86_64-fedora-gcc, r-release-macos-arm64, r-release-macos-x86_64, r-oldrel-macos-arm64, r-oldrel-macos-x86_64
These binaries (installable software) and packages are in development.
They may not be fully stable and should be used with caution. We make no claims about them.