Last updated on 2025-11-04 13:50:27 CET.
| Flavor | Version | Tinstall | Tcheck | Ttotal | Status | Flags |
|---|---|---|---|---|---|---|
| r-devel-linux-x86_64-debian-clang | 0.2.3 | 113.64 | 35.52 | 149.16 | NOTE | |
| r-devel-linux-x86_64-debian-gcc | 0.2.3 | 75.49 | 26.70 | 102.19 | NOTE | |
| r-devel-linux-x86_64-fedora-clang | 0.2.3 | 246.00 | 58.63 | 304.63 | OK | |
| r-devel-linux-x86_64-fedora-gcc | 0.2.3 | 263.00 | 11.36 | 274.36 | OK | |
| r-devel-windows-x86_64 | 0.2.3 | 138.00 | 72.00 | 210.00 | OK | |
| r-patched-linux-x86_64 | 0.2.3 | 114.17 | 33.18 | 147.35 | OK | |
| r-release-linux-x86_64 | 0.2.3 | 118.75 | 32.91 | 151.66 | OK | |
| r-release-macos-arm64 | 0.2.3 | 42.00 | 23.00 | 65.00 | OK | |
| r-release-macos-x86_64 | 0.2.3 | 38.00 | 41.00 | 79.00 | OK | |
| r-release-windows-x86_64 | 0.2.3 | 137.00 | 71.00 | 208.00 | OK | |
| r-oldrel-macos-arm64 | 0.2.3 | 48.00 | 21.00 | 69.00 | OK | |
| r-oldrel-macos-x86_64 | 0.2.3 | 45.00 | 28.00 | 73.00 | OK | |
| r-oldrel-windows-x86_64 | 0.2.3 | 160.00 | 86.00 | 246.00 | OK |
Version: 0.2.3
Check: CRAN incoming feasibility
Result: NOTE
Maintainer: ‘Blagoje Ivanović <blagoje.ivanovic@matf.bg.ac.rs>’
No Authors@R field in DESCRIPTION.
Please add one, modifying
Authors@R: person(given = "Blagoje",
family = "Ivanović",
role = c("aut", "cre"),
email = "blagoje.ivanovic@matf.bg.ac.rs")
as necessary.
Flavors: r-devel-linux-x86_64-debian-clang, r-devel-linux-x86_64-debian-gcc
These binaries (installable software) and packages are in development.
They may not be fully stable and should be used with caution. We make no claims about them.