Last updated on 2025-05-01 14:49:24 CEST.
Flavor | Version | Tinstall | Tcheck | Ttotal | Status | Flags |
---|---|---|---|---|---|---|
r-devel-linux-x86_64-debian-clang | 1.2.1 | 3.52 | 43.95 | 47.47 | NOTE | |
r-devel-linux-x86_64-debian-gcc | 1.2.1 | 3.04 | 32.30 | 35.34 | NOTE | |
r-devel-linux-x86_64-fedora-clang | 1.2.1 | 74.40 | OK | |||
r-devel-linux-x86_64-fedora-gcc | 1.2.1 | 86.28 | OK | |||
r-devel-windows-x86_64 | 1.2.1 | 6.00 | 86.00 | 92.00 | OK | |
r-patched-linux-x86_64 | 1.2.1 | 4.55 | 41.98 | 46.53 | OK | |
r-release-linux-x86_64 | OK | |||||
r-release-macos-arm64 | 1.2.1 | 43.00 | OK | |||
r-release-macos-x86_64 | 1.2.1 | 64.00 | OK | |||
r-release-windows-x86_64 | 1.2.1 | 6.00 | 91.00 | 97.00 | OK | |
r-oldrel-macos-arm64 | 1.2.1 | 32.00 | OK | |||
r-oldrel-macos-x86_64 | 1.2.1 | 50.00 | OK | |||
r-oldrel-windows-x86_64 | 1.2.1 | 6.00 | 82.00 | 88.00 | OK |
Version: 1.2.1
Check: CRAN incoming feasibility
Result: NOTE
Maintainer: ‘Kem Phillips <kemphillips@comcast.net>’
No Authors@R field in DESCRIPTION.
Please add one, modifying
Authors@R: person(given = "Kem",
family = "Phillips",
role = c("aut", "cre"),
email = "kemphillips@comcast.net")
as necessary.
Flavors: r-devel-linux-x86_64-debian-clang, r-devel-linux-x86_64-debian-gcc
These binaries (installable software) and packages are in development.
They may not be fully stable and should be used with caution. We make no claims about them.