Last updated on 2025-02-02 16:49:22 CET.
Flavor | Version | Tinstall | Tcheck | Ttotal | Status | Flags |
---|---|---|---|---|---|---|
r-devel-linux-x86_64-debian-clang | 0.1.0 | 11.45 | 22.83 | 34.28 | OK | |
r-devel-linux-x86_64-debian-gcc | 0.1.0 | 10.79 | 18.38 | 29.17 | OK | |
r-devel-linux-x86_64-fedora-clang | 0.1.0 | 55.62 | OK | |||
r-devel-linux-x86_64-fedora-gcc | 0.1.0 | 53.14 | OK | |||
r-devel-windows-x86_64 | 0.1.0 | 13.00 | 45.00 | 58.00 | OK | |
r-patched-linux-x86_64 | 0.1.0 | 11.64 | 21.87 | 33.51 | NOTE | |
r-release-linux-x86_64 | 0.1.0 | 10.79 | 21.74 | 32.53 | NOTE | |
r-release-macos-arm64 | 0.1.0 | 25.00 | NOTE | |||
r-release-macos-x86_64 | 0.1.0 | 33.00 | NOTE | |||
r-release-windows-x86_64 | 0.1.0 | 13.00 | 46.00 | 59.00 | NOTE | |
r-oldrel-macos-arm64 | 0.1.0 | 23.00 | NOTE | |||
r-oldrel-macos-x86_64 | 0.1.0 | 32.00 | NOTE | |||
r-oldrel-windows-x86_64 | 0.1.0 | 14.00 | 48.00 | 62.00 | NOTE |
Version: 0.1.0
Check: LazyData
Result: NOTE
'LazyData' is specified without a 'data' directory
Flavors: r-patched-linux-x86_64, r-release-linux-x86_64, r-release-macos-arm64, r-release-macos-x86_64, r-release-windows-x86_64, r-oldrel-macos-arm64, r-oldrel-macos-x86_64, r-oldrel-windows-x86_64
These binaries (installable software) and packages are in development.
They may not be fully stable and should be used with caution. We make no claims about them.