Last updated on 2024-07-27 15:50:35 CEST.
Flavor | Version | Tinstall | Tcheck | Ttotal | Status | Flags |
---|---|---|---|---|---|---|
r-devel-linux-x86_64-debian-clang | 0.1.6 | 46.55 | 134.83 | 181.38 | NOTE | |
r-devel-linux-x86_64-debian-gcc | 0.1.6 | NOTE | ||||
r-devel-linux-x86_64-fedora-clang | 0.1.6 | 254.85 | NOTE | |||
r-devel-linux-x86_64-fedora-gcc | 0.1.6 | 245.50 | NOTE | |||
r-devel-windows-x86_64 | 0.1.6 | 44.00 | 212.00 | 256.00 | NOTE | |
r-patched-linux-x86_64 | 0.1.6 | NOTE | ||||
r-release-linux-x86_64 | 0.1.6 | 42.81 | 128.43 | 171.24 | NOTE | |
r-release-macos-arm64 | 0.1.6 | 94.00 | NOTE | |||
r-release-macos-x86_64 | 0.1.6 | 168.00 | NOTE | |||
r-release-windows-x86_64 | 0.1.6 | 50.00 | 231.00 | 281.00 | NOTE | |
r-oldrel-macos-arm64 | 0.1.6 | 102.00 | OK | |||
r-oldrel-macos-x86_64 | 0.1.6 | 178.00 | OK | |||
r-oldrel-windows-x86_64 | 0.1.6 | 53.00 | 243.00 | 296.00 | OK |
Version: 0.1.6
Check: Rd files
Result: NOTE
checkRd: (-1) robCov.Rd:19-20: Lost braces in \itemize; \value handles \item{}{} directly
checkRd: (-1) robCov.Rd:21: Lost braces in \itemize; \value handles \item{}{} directly
checkRd: (-1) robCov.Rd:22: Lost braces in \itemize; \value handles \item{}{} directly
checkRd: (-1) robCov.Rd:23: Lost braces in \itemize; \value handles \item{}{} directly
checkRd: (-1) slice.Rd:28: Lost braces
28 | before plotting {ex: \code{trans = c(s = "exp", d = "exp")}}/}
| ^
Flavors: r-devel-linux-x86_64-debian-clang, r-devel-linux-x86_64-debian-gcc, r-devel-linux-x86_64-fedora-clang, r-devel-linux-x86_64-fedora-gcc, r-devel-windows-x86_64, r-patched-linux-x86_64, r-release-linux-x86_64, r-release-macos-arm64, r-release-macos-x86_64, r-release-windows-x86_64
These binaries (installable software) and packages are in development.
They may not be fully stable and should be used with caution. We make no claims about them.