Last updated on 2024-07-27 15:50:35 CEST.
Flavor | Version | Tinstall | Tcheck | Ttotal | Status | Flags |
---|---|---|---|---|---|---|
r-devel-linux-x86_64-debian-clang | 3.4.2 | 3.31 | 26.89 | 30.20 | OK | |
r-devel-linux-x86_64-debian-gcc | 3.4.2 | OK | ||||
r-devel-linux-x86_64-fedora-clang | 3.4.2 | 37.72 | OK | |||
r-devel-linux-x86_64-fedora-gcc | 3.4.2 | 35.71 | OK | |||
r-devel-windows-x86_64 | 3.4.2 | 7.00 | 54.00 | 61.00 | NOTE | |
r-patched-linux-x86_64 | 3.4.2 | OK | ||||
r-release-linux-x86_64 | 3.4.2 | 2.85 | 26.21 | 29.06 | OK | |
r-release-macos-arm64 | 3.4.2 | 26.00 | OK | |||
r-release-macos-x86_64 | 3.4.2 | 31.00 | OK | |||
r-release-windows-x86_64 | 3.4.2 | 7.00 | 54.00 | 61.00 | NOTE | |
r-oldrel-macos-arm64 | 3.4.2 | 36.00 | OK | |||
r-oldrel-macos-x86_64 | 3.4.2 | 53.00 | OK | |||
r-oldrel-windows-x86_64 | 3.4.2 | 7.00 | 58.00 | 65.00 | NOTE |
Version: 3.4.2
Check: package dependencies
Result: NOTE
Package suggested but not available for checking: 'unix'
Flavors: r-devel-windows-x86_64, r-release-windows-x86_64, r-oldrel-windows-x86_64
These binaries (installable software) and packages are in development.
They may not be fully stable and should be used with caution. We make no claims about them.