Last updated on 2025-05-01 14:49:24 CEST.
Flavor | Version | Tinstall | Tcheck | Ttotal | Status | Flags |
---|---|---|---|---|---|---|
r-devel-linux-x86_64-debian-clang | 0.8.9 | 4.44 | 21.88 | 26.32 | NOTE | |
r-devel-linux-x86_64-debian-gcc | 0.8.9 | 3.42 | 17.54 | 20.96 | NOTE | |
r-devel-linux-x86_64-fedora-clang | 0.8.9 | 41.72 | OK | |||
r-devel-linux-x86_64-fedora-gcc | 0.8.9 | 39.31 | OK | |||
r-devel-windows-x86_64 | 0.8.9 | 16.00 | 62.00 | 78.00 | OK | |
r-patched-linux-x86_64 | 0.8.9 | 3.43 | 21.19 | 24.62 | OK | |
r-release-linux-x86_64 | OK | |||||
r-release-macos-arm64 | 0.8.9 | 26.00 | OK | |||
r-release-macos-x86_64 | 0.8.9 | 37.00 | OK | |||
r-release-windows-x86_64 | 0.8.9 | 19.00 | 63.00 | 82.00 | OK | |
r-oldrel-macos-arm64 | 0.8.9 | 22.00 | WARN | |||
r-oldrel-macos-x86_64 | 0.8.9 | 29.00 | NOTE | |||
r-oldrel-windows-x86_64 | 0.8.9 | 20.00 | 63.00 | 83.00 | OK |
Version: 0.8.9
Check: CRAN incoming feasibility
Result: NOTE
Maintainer: ‘Yixuan Qiu <yixuan.qiu@cos.name>’
No Authors@R field in DESCRIPTION.
Please add one, modifying
Authors@R: c(person(given = "Yixuan",
family = "Qiu",
role = c("aut", "cre"),
email = "yixuan.qiu@cos.name"),
person(given = c("authors/contributors", "of", "the", "included", "fonts.", "See", "file", "AUTHORS", "for"),
family = "details.",
role = "aut"))
as necessary.
Flavors: r-devel-linux-x86_64-debian-clang, r-devel-linux-x86_64-debian-gcc
Version: 0.8.9
Check: installed package size
Result: NOTE
installed size is 21.3Mb
sub-directories of 1Mb or more:
fonts 1.8Mb
libs 19.4Mb
Flavors: r-oldrel-macos-arm64, r-oldrel-macos-x86_64
Version: 0.8.9
Check: package subdirectories
Result: WARN
Error: inferior call failed
Execution halted
Please remove or rename the files.
See section ‘Package subdirectories’ in the ‘Writing R Extensions’
manual.
Problems with news in ‘inst/NEWS.Rd’:
cannot open the connection
Flavor: r-oldrel-macos-arm64
Version: 0.8.9
Check: for missing documentation entries
Result: WARN
Fatal error: cannot create 'R_TempDir'
All user-level objects in a package should have documentation entries.
See chapter ‘Writing R documentation files’ in the ‘Writing R
Extensions’ manual.
Flavor: r-oldrel-macos-arm64
Version: 0.8.9
Check: for code/documentation mismatches
Result: WARN
Fatal error: cannot create 'R_TempDir'
* checking Rd \usage sections ...* using check arguments '--no-clean-on-error '
Flavor: r-oldrel-macos-arm64
These binaries (installable software) and packages are in development.
They may not be fully stable and should be used with caution. We make no claims about them.