Last updated on 2025-02-16 08:51:03 CET.
Flavor | Version | Tinstall | Tcheck | Ttotal | Status | Flags |
---|---|---|---|---|---|---|
r-devel-linux-x86_64-debian-clang | 1.2.1 | 44.62 | 36.53 | 81.15 | OK | |
r-devel-linux-x86_64-debian-gcc | 1.2.1 | 35.13 | 27.47 | 62.60 | OK | |
r-devel-linux-x86_64-fedora-clang | 1.2.1 | 163.33 | OK | |||
r-devel-linux-x86_64-fedora-gcc | 1.2.1 | 170.71 | OK | |||
r-devel-macos-arm64 | 1.2.1 | 49.00 | OK | |||
r-devel-macos-x86_64 | 1.2.1 | 100.00 | OK | |||
r-devel-windows-x86_64 | 1.2.1 | 64.00 | 90.00 | 154.00 | OK | |
r-patched-linux-x86_64 | 1.2.1 | 48.78 | 34.19 | 82.97 | OK | |
r-release-linux-x86_64 | 1.2.1 | 44.92 | 34.07 | 78.99 | OK | |
r-release-macos-arm64 | 1.2.1 | 56.00 | NOTE | |||
r-release-macos-x86_64 | 1.2.1 | 85.00 | NOTE | |||
r-release-windows-x86_64 | 1.2.1 | 61.00 | 82.00 | 143.00 | OK | |
r-oldrel-macos-arm64 | 1.1.0 | 49.00 | NOTE | |||
r-oldrel-macos-x86_64 | 1.2.1 | 25.00 | ERROR | |||
r-oldrel-windows-x86_64 | 1.2.1 | 71.00 | 104.00 | 175.00 | OK |
Version: 1.2.1
Check: installed package size
Result: NOTE
installed size is 24.9Mb
sub-directories of 1Mb or more:
libs 24.6Mb
Flavors: r-release-macos-arm64, r-release-macos-x86_64
Version: 1.1.0
Check: installed package size
Result: NOTE
installed size is 22.7Mb
sub-directories of 1Mb or more:
libs 22.4Mb
Flavor: r-oldrel-macos-arm64
Version: 1.2.1
Check: whether package can be installed
Result: ERROR
Installation failed.
Flavor: r-oldrel-macos-x86_64
These binaries (installable software) and packages are in development.
They may not be fully stable and should be used with caution. We make no claims about them.