Last updated on 2024-07-27 15:50:35 CEST.
Flavor | Version | Tinstall | Tcheck | Ttotal | Status | Flags |
---|---|---|---|---|---|---|
r-devel-linux-x86_64-debian-clang | 1.0.7 | 13.09 | 319.15 | 332.24 | OK | |
r-devel-linux-x86_64-debian-gcc | 1.0.7 | OK | ||||
r-devel-linux-x86_64-fedora-clang | 1.0.7 | 404.98 | NOTE | |||
r-devel-linux-x86_64-fedora-gcc | 1.0.7 | 410.63 | OK | |||
r-devel-windows-x86_64 | 1.0.7 | 15.00 | 277.00 | 292.00 | NOTE | |
r-patched-linux-x86_64 | 1.0.7 | OK | ||||
r-release-linux-x86_64 | 1.0.7 | 12.61 | 303.88 | 316.49 | OK | |
r-release-macos-arm64 | 1.0.7 | 131.00 | NOTE | |||
r-release-macos-x86_64 | 1.0.7 | 263.00 | NOTE | |||
r-release-windows-x86_64 | 1.0.7 | 13.00 | 275.00 | 288.00 | NOTE | |
r-oldrel-macos-arm64 | 1.0.7 | 134.00 | NOTE | |||
r-oldrel-macos-x86_64 | 1.0.7 | 349.00 | NOTE | |||
r-oldrel-windows-x86_64 | 1.0.7 | 17.00 | 308.00 | 325.00 | NOTE |
Version: 1.0.7
Check: installed package size
Result: NOTE
installed size is 5.3Mb
sub-directories of 1Mb or more:
R 1.3Mb
extdata 3.1Mb
Flavors: r-devel-linux-x86_64-fedora-clang, r-devel-windows-x86_64, r-release-macos-arm64, r-release-macos-x86_64, r-release-windows-x86_64, r-oldrel-macos-arm64, r-oldrel-macos-x86_64, r-oldrel-windows-x86_64
These binaries (installable software) and packages are in development.
They may not be fully stable and should be used with caution. We make no claims about them.