Last updated on 2025-11-13 01:50:36 CET.
| Flavor | Version | Tinstall | Tcheck | Ttotal | Status | Flags |
|---|---|---|---|---|---|---|
| r-devel-linux-x86_64-debian-clang | 1.0.7 | 10.56 | 252.97 | 263.53 | OK | |
| r-devel-linux-x86_64-debian-gcc | 1.0.7 | 8.15 | 173.98 | 182.13 | OK | |
| r-devel-linux-x86_64-fedora-clang | 1.0.7 | 23.00 | 361.92 | 384.92 | OK | |
| r-devel-linux-x86_64-fedora-gcc | 1.0.7 | 22.00 | 401.12 | 423.12 | OK | |
| r-devel-windows-x86_64 | 1.0.7 | 14.00 | 265.00 | 279.00 | OK | |
| r-patched-linux-x86_64 | 1.0.7 | 11.13 | 244.11 | 255.24 | OK | |
| r-release-linux-x86_64 | 1.0.7 | 9.97 | 246.19 | 256.16 | OK | |
| r-release-macos-arm64 | 1.0.7 | 7.00 | 131.00 | 138.00 | OK | |
| r-release-macos-x86_64 | 1.0.7 | 11.00 | 314.00 | 325.00 | OK | |
| r-release-windows-x86_64 | 1.0.7 | 14.00 | 271.00 | 285.00 | OK | |
| r-oldrel-macos-arm64 | 1.0.7 | 7.00 | 124.00 | 131.00 | NOTE | |
| r-oldrel-macos-x86_64 | 1.0.7 | 9.00 | 254.00 | 263.00 | NOTE | |
| r-oldrel-windows-x86_64 | 1.0.7 | 17.00 | 333.00 | 350.00 | NOTE |
Version: 1.0.7
Check: installed package size
Result: NOTE
installed size is 6.2Mb
sub-directories of 1Mb or more:
R 2.3Mb
extdata 3.1Mb
Flavors: r-oldrel-macos-arm64, r-oldrel-macos-x86_64, r-oldrel-windows-x86_64
These binaries (installable software) and packages are in development.
They may not be fully stable and should be used with caution. We make no claims about them.