CRAN Package Check Results for Package syuzhet

Last updated on 2025-05-08 04:52:20 CEST.

Flavor Version Tinstall Tcheck Ttotal Status Flags
r-devel-linux-x86_64-debian-clang 1.0.7 11.84 247.51 259.35 OK
r-devel-linux-x86_64-debian-gcc 1.0.7 8.49 166.15 174.64 OK
r-devel-linux-x86_64-fedora-clang 1.0.7 408.16 OK
r-devel-linux-x86_64-fedora-gcc 1.0.7 474.19 OK
r-devel-windows-x86_64 1.0.7 14.00 270.00 284.00 OK
r-patched-linux-x86_64 1.0.7 11.31 242.51 253.82 OK
r-release-linux-x86_64 1.0.7 11.39 243.93 255.32 OK
r-release-macos-arm64 1.0.7 138.00 OK
r-release-macos-x86_64 1.0.7 325.00 OK
r-release-windows-x86_64 1.0.7 14.00 279.00 293.00 OK
r-oldrel-macos-arm64 1.0.7 131.00 NOTE
r-oldrel-macos-x86_64 1.0.7 263.00 NOTE
r-oldrel-windows-x86_64 1.0.7 17.00 339.00 356.00 NOTE

Check Details

Version: 1.0.7
Check: installed package size
Result: NOTE installed size is 6.2Mb sub-directories of 1Mb or more: R 2.3Mb extdata 3.1Mb Flavors: r-oldrel-macos-arm64, r-oldrel-macos-x86_64, r-oldrel-windows-x86_64

These binaries (installable software) and packages are in development.
They may not be fully stable and should be used with caution. We make no claims about them.