CRAN Package Check Results for Package tEDM

Last updated on 2025-07-20 21:51:42 CEST.

Flavor Version Tinstall Tcheck Ttotal Status Flags
r-devel-linux-x86_64-debian-clang 1.0 177.62 37.45 215.07 OK
r-devel-linux-x86_64-debian-gcc 1.0 125.11 29.41 154.52 OK
r-devel-linux-x86_64-fedora-clang 1.0 417.83 OK
r-devel-linux-x86_64-fedora-gcc 1.0 381.90 OK
r-devel-windows-x86_64 1.0 194.00 92.00 286.00 OK
r-patched-linux-x86_64 1.0 168.40 35.04 203.44 OK
r-release-linux-x86_64 1.0 175.22 35.13 210.35 OK
r-release-macos-arm64 1.0 94.00 OK
r-release-macos-x86_64 1.0 109.00 OK
r-release-windows-x86_64 1.0 191.00 82.00 273.00 OK
r-oldrel-macos-arm64 1.0 94.00 NOTE
r-oldrel-macos-x86_64 1.0 113.00 NOTE
r-oldrel-windows-x86_64 1.0 176.00 109.00 285.00 OK

Check Details

Version: 1.0
Check: installed package size
Result: NOTE installed size is 17.2Mb sub-directories of 1Mb or more: case 1.9Mb libs 14.6Mb Flavors: r-oldrel-macos-arm64, r-oldrel-macos-x86_64

These binaries (installable software) and packages are in development.
They may not be fully stable and should be used with caution. We make no claims about them.