Last updated on 2025-02-16 08:51:03 CET.
Flavor | Version | Tinstall | Tcheck | Ttotal | Status | Flags |
---|---|---|---|---|---|---|
r-devel-linux-x86_64-debian-clang | 5.1.1 | 14.33 | 106.60 | 120.93 | NOTE | |
r-devel-linux-x86_64-debian-gcc | 5.1.1 | 9.95 | 76.35 | 86.30 | NOTE | |
r-devel-linux-x86_64-fedora-clang | 5.1.1 | 199.20 | NOTE | |||
r-devel-linux-x86_64-fedora-gcc | 5.1.1 | 193.94 | NOTE | |||
r-devel-macos-arm64 | 5.1.1 | 65.00 | NOTE | |||
r-devel-macos-x86_64 | 5.1.1 | 129.00 | NOTE | |||
r-devel-windows-x86_64 | 5.1.1 | 17.00 | 112.00 | 129.00 | NOTE | |
r-patched-linux-x86_64 | 5.1.1 | 12.09 | 98.94 | 111.03 | NOTE | |
r-release-linux-x86_64 | 5.1.1 | 11.74 | 102.09 | 113.83 | NOTE | |
r-release-macos-arm64 | 5.1.1 | 56.00 | NOTE | |||
r-release-macos-x86_64 | 5.1.1 | 89.00 | NOTE | |||
r-release-windows-x86_64 | 5.1.1 | 17.00 | 119.00 | 136.00 | NOTE | |
r-oldrel-macos-arm64 | 5.1.1 | 60.00 | OK | |||
r-oldrel-macos-x86_64 | 5.1.1 | 100.00 | OK | |||
r-oldrel-windows-x86_64 | 5.1.1 | 20.00 | 136.00 | 156.00 | OK |
Version: 5.1.1
Check: Rd files
Result: NOTE
checkRd: (-1) tabmulti.Rd:68: Lost braces
68 | \\code{yvarlabels = list(race = "Race/ethnicity", age_yrs = "Age (years)")}.}
| ^
checkRd: (-1) tabmulti.svy.Rd:67: Lost braces
67 | \\code{yvarlabels = list(race = "Race/ethnicity", age_yrs = "Age (years)")}.}
| ^
Flavors: r-devel-linux-x86_64-debian-clang, r-devel-linux-x86_64-debian-gcc, r-devel-linux-x86_64-fedora-clang, r-devel-linux-x86_64-fedora-gcc, r-devel-macos-arm64, r-devel-macos-x86_64, r-devel-windows-x86_64, r-patched-linux-x86_64, r-release-linux-x86_64, r-release-macos-arm64, r-release-macos-x86_64, r-release-windows-x86_64
These binaries (installable software) and packages are in development.
They may not be fully stable and should be used with caution. We make no claims about them.