CRAN Package Check Results for Package taber

Last updated on 2025-11-11 15:50:50 CET.

Flavor Version Tinstall Tcheck Ttotal Status Flags
r-devel-linux-x86_64-debian-clang 0.1.2 3.86 33.44 37.30 OK
r-devel-linux-x86_64-debian-gcc 0.1.2 2.29 24.57 26.86 OK
r-devel-linux-x86_64-fedora-clang 0.1.2 52.52 OK
r-devel-linux-x86_64-fedora-gcc 0.1.2 50.89 OK
r-devel-windows-x86_64 0.1.2 5.00 48.00 53.00 OK
r-patched-linux-x86_64 0.1.2 3.40 31.61 35.01 OK
r-release-linux-x86_64 0.1.2 3.18 32.43 35.61 OK
r-release-macos-arm64 0.1.2 1.00 20.00 21.00 OK
r-release-macos-x86_64 0.1.2 5.00 31.00 36.00 OK
r-release-windows-x86_64 0.1.2 5.00 46.00 51.00 OK
r-oldrel-macos-arm64 0.1.2 2.00 18.00 20.00 NOTE
r-oldrel-macos-x86_64 0.1.2 3.00 28.00 31.00 NOTE
r-oldrel-windows-x86_64 0.1.2 8.00 56.00 64.00 NOTE

Check Details

Version: 0.1.2
Check: LazyData
Result: NOTE 'LazyData' is specified without a 'data' directory Flavors: r-oldrel-macos-arm64, r-oldrel-macos-x86_64, r-oldrel-windows-x86_64

These binaries (installable software) and packages are in development.
They may not be fully stable and should be used with caution. We make no claims about them.