CRAN Package Check Results for Package taber

Last updated on 2025-02-23 07:52:12 CET.

Flavor Version Tinstall Tcheck Ttotal Status Flags
r-devel-linux-x86_64-debian-clang 0.1.2 3.81 31.07 34.88 OK
r-devel-linux-x86_64-debian-gcc 0.1.2 2.35 24.29 26.64 OK
r-devel-linux-x86_64-fedora-clang 0.1.2 58.98 OK
r-devel-linux-x86_64-fedora-gcc 0.1.2 56.10 OK
r-devel-macos-arm64 0.1.2 21.00 OK
r-devel-macos-x86_64 0.1.2 42.00 OK
r-devel-windows-x86_64 0.1.2 5.00 50.00 55.00 OK
r-patched-linux-x86_64 0.1.2 3.16 28.86 32.02 NOTE
r-release-linux-x86_64 0.1.2 3.84 29.02 32.86 NOTE
r-release-macos-arm64 0.1.2 20.00 NOTE
r-release-macos-x86_64 0.1.2 31.00 NOTE
r-release-windows-x86_64 0.1.2 5.00 57.00 62.00 NOTE
r-oldrel-macos-arm64 0.1.2 22.00 NOTE
r-oldrel-macos-x86_64 0.1.2 30.00 NOTE
r-oldrel-windows-x86_64 0.1.2 6.00 57.00 63.00 NOTE

Check Details

Version: 0.1.2
Check: LazyData
Result: NOTE 'LazyData' is specified without a 'data' directory Flavors: r-patched-linux-x86_64, r-release-linux-x86_64, r-release-macos-arm64, r-release-macos-x86_64, r-release-windows-x86_64, r-oldrel-macos-arm64, r-oldrel-macos-x86_64, r-oldrel-windows-x86_64

These binaries (installable software) and packages are in development.
They may not be fully stable and should be used with caution. We make no claims about them.