CRAN Package Check Results for Package tabit

Last updated on 2025-02-16 08:51:03 CET.

Flavor Version Tinstall Tcheck Ttotal Status Flags
r-devel-linux-x86_64-debian-clang 0.2.1 1.54 18.59 20.13 OK
r-devel-linux-x86_64-debian-gcc 0.2.1 1.34 15.20 16.54 OK
r-devel-linux-x86_64-fedora-clang 0.2.1 33.39 OK
r-devel-linux-x86_64-fedora-gcc 0.2.1 30.89 OK
r-devel-macos-arm64 0.2.1 14.00 OK
r-devel-macos-x86_64 0.2.1 24.00 OK
r-devel-windows-x86_64 0.2.1 2.00 48.00 50.00 OK
r-patched-linux-x86_64 0.2.1 1.53 17.98 19.51 NOTE
r-release-linux-x86_64 0.2.1 1.42 17.95 19.37 NOTE
r-release-macos-arm64 0.2.1 15.00 NOTE
r-release-macos-x86_64 0.2.1 21.00 NOTE
r-release-windows-x86_64 0.2.1 2.00 43.00 45.00 NOTE
r-oldrel-macos-arm64 0.2.1 16.00 NOTE
r-oldrel-macos-x86_64 0.2.1 18.00 NOTE
r-oldrel-windows-x86_64 0.2.1 3.00 56.00 59.00 NOTE

Check Details

Version: 0.2.1
Check: LazyData
Result: NOTE 'LazyData' is specified without a 'data' directory Flavors: r-patched-linux-x86_64, r-release-linux-x86_64, r-release-macos-arm64, r-release-macos-x86_64, r-release-windows-x86_64, r-oldrel-macos-arm64, r-oldrel-macos-x86_64, r-oldrel-windows-x86_64

These binaries (installable software) and packages are in development.
They may not be fully stable and should be used with caution. We make no claims about them.