CRAN Package Check Results for Package tablaxlsx

Last updated on 2025-02-23 07:52:12 CET.

Flavor Version Tinstall Tcheck Ttotal Status Flags
r-devel-linux-x86_64-debian-clang 1.2.5 2.89 29.92 32.81 NOTE
r-devel-linux-x86_64-debian-gcc 1.2.5 2.32 23.35 25.67 NOTE
r-devel-linux-x86_64-fedora-clang 1.2.5 56.22 OK
r-devel-linux-x86_64-fedora-gcc 1.2.5 52.43 OK
r-devel-macos-arm64 1.2.5 19.00 OK
r-devel-macos-x86_64 1.2.5 32.00 OK
r-devel-windows-x86_64 1.2.5 4.00 55.00 59.00 NOTE
r-patched-linux-x86_64 1.2.5 5.07 28.35 33.42 OK
r-release-linux-x86_64 1.2.5 3.32 28.60 31.92 OK
r-release-macos-arm64 1.2.5 18.00 OK
r-release-macos-x86_64 1.2.5 28.00 OK
r-release-windows-x86_64 1.2.5 4.00 55.00 59.00 OK
r-oldrel-macos-arm64 1.2.5 26.00 OK
r-oldrel-macos-x86_64 1.2.5 56.00 OK
r-oldrel-windows-x86_64 1.2.5 5.00 59.00 64.00 OK

Check Details

Version: 1.2.5
Check: Rd cross-references
Result: NOTE Found the following Rd file(s) with Rd \link{} targets missing package anchors: bordear.Rd: createStyle escribirTabla.Rd: createStyle tablaxlsx.estilos.set.Rd: createStyle Please provide package anchors for all Rd \link{} targets not in the package itself and the base packages. Flavors: r-devel-linux-x86_64-debian-clang, r-devel-linux-x86_64-debian-gcc, r-devel-windows-x86_64

These binaries (installable software) and packages are in development.
They may not be fully stable and should be used with caution. We make no claims about them.