CRAN Package Check Results for Package tabledown

Last updated on 2025-10-24 01:50:42 CEST.

Flavor Version Tinstall Tcheck Ttotal Status Flags
r-devel-linux-x86_64-debian-clang 1.0.0 17.12 143.83 160.95 NOTE
r-devel-linux-x86_64-debian-gcc 1.0.0 12.20 104.28 116.48 OK
r-devel-linux-x86_64-fedora-clang 1.0.0 72.00 181.52 253.52 OK
r-devel-linux-x86_64-fedora-gcc 1.0.0 34.00 193.99 227.99 OK
r-devel-windows-x86_64 1.0.0 19.00 139.00 158.00 OK
r-patched-linux-x86_64 1.0.0 17.09 133.82 150.91 OK
r-release-linux-x86_64 1.0.0 15.15 132.79 147.94 OK
r-release-macos-arm64 1.0.0 6.00 48.00 54.00 OK
r-release-macos-x86_64 1.0.0 13.00 99.00 112.00 OK
r-release-windows-x86_64 1.0.0 19.00 139.00 158.00 OK
r-oldrel-macos-arm64 1.0.0 6.00 32.00 38.00 OK
r-oldrel-macos-x86_64 1.0.0 9.00 74.00 83.00 OK
r-oldrel-windows-x86_64 1.0.0 26.00 177.00 203.00 OK

Check Details

Version: 1.0.0
Check: HTML version of manual
Result: NOTE Found the following HTML validation problems: cfa.tab.html:50:1 (cfa.tab.Rd:12): Warning: missing </ul> before </div> cfa.tab.multi.html:70:1 (cfa.tab.multi.Rd:20): Warning: missing </ul> before </div> Flavor: r-devel-linux-x86_64-debian-clang

These binaries (installable software) and packages are in development.
They may not be fully stable and should be used with caution. We make no claims about them.