Last updated on 2025-10-23 23:49:48 CEST.
| Flavor | Version | Tinstall | Tcheck | Ttotal | Status | Flags |
|---|---|---|---|---|---|---|
| r-devel-linux-x86_64-debian-clang | 0.1.5 | 1.92 | 25.80 | 27.72 | NOTE | |
| r-devel-linux-x86_64-debian-gcc | 0.1.5 | 1.79 | 20.20 | 21.99 | OK | |
| r-devel-linux-x86_64-fedora-clang | 0.1.5 | 40.41 | OK | |||
| r-devel-linux-x86_64-fedora-gcc | 0.1.5 | 35.92 | OK | |||
| r-devel-windows-x86_64 | 0.1.5 | 5.00 | 48.00 | 53.00 | OK | |
| r-patched-linux-x86_64 | 0.1.5 | 2.74 | 22.93 | 25.67 | OK | |
| r-release-linux-x86_64 | 0.1.5 | 2.29 | 23.27 | 25.56 | OK | |
| r-release-macos-arm64 | 0.1.5 | 2.00 | 22.00 | 24.00 | OK | |
| r-release-macos-x86_64 | 0.1.5 | 2.00 | 25.00 | 27.00 | OK | |
| r-release-windows-x86_64 | 0.1.5 | 7.00 | 50.00 | 57.00 | OK | |
| r-oldrel-macos-arm64 | 0.1.5 | 1.00 | 16.00 | 17.00 | OK | |
| r-oldrel-macos-x86_64 | 0.1.5 | 2.00 | 24.00 | 26.00 | OK | |
| r-oldrel-windows-x86_64 | 0.1.5 | 6.00 | 53.00 | 59.00 | OK |
Version: 0.1.5
Check: HTML version of manual
Result: NOTE
Found the following HTML validation problems:
create_app_link.html:54:1 (create_app_link.Rd:14): Warning: missing </ul> before </div>
tablerTabItem.html:51:1 (tablerTabItem.Rd:13): Warning: missing </ul> before </div>
tablerTabItems.html:47:1 (tablerTabItems.Rd:11): Warning: missing </ul> before </div>
tagAssert.html:61:1 (tagAssert.Rd:19): Warning: missing </ul> before </div>
Flavor: r-devel-linux-x86_64-debian-clang
These binaries (installable software) and packages are in development.
They may not be fully stable and should be used with caution. We make no claims about them.