Last updated on 2025-05-01 14:49:24 CEST.
Flavor | Version | Tinstall | Tcheck | Ttotal | Status | Flags |
---|---|---|---|---|---|---|
r-devel-linux-x86_64-debian-clang | 0.9-1 | 10.99 | 218.96 | 229.95 | NOTE | |
r-devel-linux-x86_64-debian-gcc | 0.9-1 | 7.38 | 145.94 | 153.32 | OK | |
r-devel-linux-x86_64-fedora-clang | 0.9-1 | 352.34 | OK | |||
r-devel-linux-x86_64-fedora-gcc | 0.9-1 | 346.96 | OK | |||
r-devel-windows-x86_64 | 0.9-1 | 13.00 | 299.00 | 312.00 | OK | |
r-patched-linux-x86_64 | 0.9-1 | 11.43 | 206.40 | 217.83 | OK | |
r-release-linux-x86_64 | OK | |||||
r-release-macos-arm64 | 0.9-1 | 97.00 | OK | |||
r-release-macos-x86_64 | 0.9-1 | 186.00 | OK | |||
r-release-windows-x86_64 | 0.9-1 | 14.00 | 302.00 | 316.00 | OK | |
r-oldrel-macos-arm64 | 0.9-1 | 89.00 | OK | |||
r-oldrel-macos-x86_64 | 0.9-1 | 147.00 | OK | |||
r-oldrel-windows-x86_64 | 0.9-1 | 17.00 | 329.00 | 346.00 | OK |
Version: 0.9-1
Check: examples
Result: NOTE
Examples with CPU (user + system) or elapsed time > 5s
user system elapsed
textTable.xtable 6.238 0.050 7.674
plot.textTable 6.185 0.046 8.215
print.pltdTable 4.237 0.000 5.539
props-setter 3.808 0.007 5.143
Flavor: r-devel-linux-x86_64-debian-clang
Version: 0.9-1
Check: examples
Result: NA
user system elapsed
textTable.xtable 3.938 0.047 5.394
OK
Flavor: r-devel-linux-x86_64-debian-gcc
These binaries (installable software) and packages are in development.
They may not be fully stable and should be used with caution. We make no claims about them.