Last updated on 2025-07-11 09:50:21 CEST.
Flavor | Version | Tinstall | Tcheck | Ttotal | Status | Flags |
---|---|---|---|---|---|---|
r-devel-linux-x86_64-debian-clang | 0.7.0 | 21.72 | 8.57 | 30.29 | ERROR | |
r-devel-linux-x86_64-debian-gcc | 0.7.0 | 15.26 | 6.29 | 21.55 | ERROR | |
r-devel-linux-x86_64-fedora-clang | 0.7.0 | 500.20 | OK | |||
r-devel-linux-x86_64-fedora-gcc | 0.7.0 | 487.52 | OK | |||
r-devel-windows-x86_64 | 0.7.0 | 22.00 | 224.00 | 246.00 | OK | |
r-patched-linux-x86_64 | 0.7.0 | 20.22 | 6.60 | 26.82 | ERROR | |
r-release-linux-x86_64 | 0.7.0 | 18.76 | 6.60 | 25.36 | ERROR | |
r-release-macos-arm64 | 0.7.0 | 88.00 | OK | |||
r-release-macos-x86_64 | 0.7.0 | 149.00 | OK | |||
r-release-windows-x86_64 | 0.7.0 | 24.00 | 230.00 | 254.00 | OK | |
r-oldrel-macos-arm64 | 0.7.0 | 131.00 | OK | |||
r-oldrel-macos-x86_64 | 0.7.0 | 168.00 | OK | |||
r-oldrel-windows-x86_64 | 0.7.0 | 30.00 | 299.00 | 329.00 | OK |
Version: 0.7.0
Check: whether the package can be loaded
Result: ERROR
Loading this package had a fatal error status code 1
Loading log:
Error: package or namespace load failed for ‘tabnet’:
.onLoad failed in loadNamespace() for 'torch', details:
call: inst_path()
error: torch cannot write into
'/home/hornik/tmp/R.check/r-devel-clang/Work/build/Packages/torch/'.
Execution halted
Flavor: r-devel-linux-x86_64-debian-clang
Version: 0.7.0
Check: whether the package can be loaded
Result: ERROR
Loading this package had a fatal error status code 1
Loading log:
Error: package or namespace load failed for ‘tabnet’:
.onLoad failed in loadNamespace() for 'torch', details:
call: inst_path()
error: torch cannot write into
'/home/hornik/tmp/R.check/r-devel-gcc/Work/build/Packages/torch/'.
Execution halted
Flavor: r-devel-linux-x86_64-debian-gcc
Version: 0.7.0
Check: whether the package can be loaded
Result: ERROR
Loading this package had a fatal error status code 1
Loading log:
Error: package or namespace load failed for ‘tabnet’:
.onLoad failed in loadNamespace() for 'torch', details:
call: inst_path()
error: torch cannot write into
'/home/hornik/tmp/R.check/r-patched-gcc/Work/build/Packages/torch/'.
Execution halted
Flavor: r-patched-linux-x86_64
Version: 0.7.0
Check: whether the package can be loaded
Result: ERROR
Loading this package had a fatal error status code 1
Loading log:
Error: package or namespace load failed for ‘tabnet’:
.onLoad failed in loadNamespace() for 'torch', details:
call: inst_path()
error: torch cannot write into
'/home/hornik/tmp/R.check/r-release-gcc/Work/build/Packages/torch/'.
Execution halted
Flavor: r-release-linux-x86_64
These binaries (installable software) and packages are in development.
They may not be fully stable and should be used with caution. We make no claims about them.