CRAN Package Check Results for Package tabuSearch

Last updated on 2025-02-19 17:51:06 CET.

Flavor Version Tinstall Tcheck Ttotal Status Flags
r-devel-linux-x86_64-debian-clang 1.1.1 1.73 17.04 18.77 NOTE
r-devel-linux-x86_64-debian-gcc 1.1.1 1.46 13.63 15.09 NOTE
r-devel-linux-x86_64-fedora-clang 1.1.1 32.10 NOTE
r-devel-linux-x86_64-fedora-gcc 1.1.1 30.54 NOTE
r-devel-macos-arm64 1.1.1 14.00 NOTE
r-devel-macos-x86_64 1.1.1 21.00 NOTE
r-devel-windows-x86_64 1.1.1 3.00 44.00 47.00 NOTE
r-patched-linux-x86_64 1.1.1 1.80 16.41 18.21 NOTE
r-release-linux-x86_64 1.1.1 1.62 16.31 17.93 NOTE
r-release-macos-arm64 1.1.1 14.00 NOTE
r-release-macos-x86_64 1.1.1 23.00 NOTE
r-release-windows-x86_64 1.1.1 2.00 36.00 38.00 NOTE
r-oldrel-macos-arm64 1.1.1 14.00 NOTE
r-oldrel-macos-x86_64 1.1.1 17.00 NOTE
r-oldrel-windows-x86_64 1.1.1 4.00 36.00 40.00 NOTE

Check Details

Version: 1.1.1
Check: package subdirectories
Result: NOTE Problems with news in ‘NEWS.md’: No news entries found. Flavors: r-devel-linux-x86_64-debian-clang, r-devel-linux-x86_64-debian-gcc, r-devel-linux-x86_64-fedora-clang, r-devel-linux-x86_64-fedora-gcc, r-devel-macos-arm64, r-devel-macos-x86_64, r-devel-windows-x86_64, r-patched-linux-x86_64, r-release-linux-x86_64, r-release-macos-arm64, r-release-macos-x86_64, r-release-windows-x86_64, r-oldrel-macos-arm64, r-oldrel-macos-x86_64, r-oldrel-windows-x86_64

These binaries (installable software) and packages are in development.
They may not be fully stable and should be used with caution. We make no claims about them.