Last updated on 2025-02-16 08:51:03 CET.
Flavor | Version | Tinstall | Tcheck | Ttotal | Status | Flags |
---|---|---|---|---|---|---|
r-devel-linux-x86_64-debian-clang | 0.1.0 | 44.12 | 26.45 | 70.57 | NOTE | |
r-devel-linux-x86_64-debian-gcc | 0.1.0 | 36.65 | 20.66 | 57.31 | NOTE | |
r-devel-linux-x86_64-fedora-clang | 0.1.0 | 137.71 | NOTE | |||
r-devel-linux-x86_64-fedora-gcc | 0.1.0 | 148.51 | NOTE | |||
r-devel-macos-arm64 | 0.1.0 | 33.00 | NOTE | |||
r-devel-macos-x86_64 | 0.1.0 | 43.00 | NOTE | |||
r-devel-windows-x86_64 | 0.1.0 | 62.00 | 64.00 | 126.00 | NOTE | |
r-patched-linux-x86_64 | 0.1.0 | 53.10 | 25.41 | 78.51 | NOTE | |
r-release-linux-x86_64 | 0.1.0 | 49.92 | 25.45 | 75.37 | NOTE | |
r-release-macos-arm64 | 0.1.0 | 35.00 | NOTE | |||
r-release-macos-x86_64 | 0.1.0 | 42.00 | NOTE | |||
r-release-windows-x86_64 | 0.1.0 | 60.00 | 72.00 | 132.00 | NOTE | |
r-oldrel-macos-arm64 | 0.1.0 | 42.00 | NOTE | |||
r-oldrel-macos-x86_64 | 0.1.0 | 68.00 | NOTE | |||
r-oldrel-windows-x86_64 | 0.1.0 | 58.00 | 79.00 | 137.00 | NOTE |
Version: 0.1.0
Check: C++ specification
Result: NOTE
Specified C++11: please drop specification unless essential
Flavors: r-devel-linux-x86_64-debian-clang, r-devel-linux-x86_64-debian-gcc, r-devel-linux-x86_64-fedora-clang, r-devel-linux-x86_64-fedora-gcc, r-devel-macos-arm64, r-devel-macos-x86_64, r-devel-windows-x86_64, r-patched-linux-x86_64, r-release-linux-x86_64, r-release-macos-arm64, r-release-macos-x86_64, r-release-windows-x86_64, r-oldrel-macos-arm64, r-oldrel-macos-x86_64, r-oldrel-windows-x86_64
Version: 0.1.0
Check: installed package size
Result: NOTE
installed size is 5.1Mb
sub-directories of 1Mb or more:
libs 4.9Mb
Flavors: r-release-macos-arm64, r-oldrel-macos-arm64
These binaries (installable software) and packages are in development.
They may not be fully stable and should be used with caution. We make no claims about them.