Last updated on 2025-02-02 14:48:36 CET.
Flavor | Version | Tinstall | Tcheck | Ttotal | Status | Flags |
---|---|---|---|---|---|---|
r-devel-linux-x86_64-debian-clang | 0.1.1 | 1.76 | 20.06 | 21.82 | NOTE | |
r-devel-linux-x86_64-debian-gcc | 0.1.1 | 1.45 | 16.31 | 17.76 | NOTE | |
r-devel-linux-x86_64-fedora-clang | 0.1.1 | 37.27 | NOTE | |||
r-devel-linux-x86_64-fedora-gcc | 0.1.1 | 50.84 | NOTE | |||
r-devel-windows-x86_64 | 0.1.1 | 3.00 | 44.00 | 47.00 | NOTE | |
r-patched-linux-x86_64 | 0.1.1 | 1.78 | 19.11 | 20.89 | NOTE | |
r-release-linux-x86_64 | 0.1.1 | 1.77 | 19.32 | 21.09 | NOTE | |
r-release-macos-arm64 | 0.1.1 | 21.00 | NOTE | |||
r-release-macos-x86_64 | 0.1.1 | 34.00 | NOTE | |||
r-release-windows-x86_64 | 0.1.1 | 5.00 | 44.00 | 49.00 | NOTE | |
r-oldrel-macos-arm64 | 0.1.1 | 23.00 | NOTE | |||
r-oldrel-macos-x86_64 | 0.1.1 | 31.00 | NOTE | |||
r-oldrel-windows-x86_64 | 0.1.1 | 3.00 | 42.00 | 45.00 | NOTE |
Version: 0.1.1
Check: Rd files
Result: NOTE
checkRd: (-1) parse_logs.Rd:38: Lost braces
38 | '{{ip ip_address}} [{{date access_date}}]...'.
| ^
checkRd: (-1) parse_logs.Rd:38: Lost braces
38 | '{{ip ip_address}} [{{date access_date}}]...'.
| ^
Flavors: r-devel-linux-x86_64-debian-clang, r-devel-linux-x86_64-debian-gcc, r-devel-linux-x86_64-fedora-clang, r-devel-linux-x86_64-fedora-gcc, r-devel-windows-x86_64, r-patched-linux-x86_64, r-release-linux-x86_64, r-release-macos-arm64, r-release-macos-x86_64, r-release-windows-x86_64
Version: 0.1.1
Check: LazyData
Result: NOTE
'LazyData' is specified without a 'data' directory
Flavors: r-patched-linux-x86_64, r-release-linux-x86_64, r-release-macos-arm64, r-release-macos-x86_64, r-release-windows-x86_64, r-oldrel-macos-arm64, r-oldrel-macos-x86_64, r-oldrel-windows-x86_64
These binaries (installable software) and packages are in development.
They may not be fully stable and should be used with caution. We make no claims about them.