Last updated on 2025-10-23 11:50:30 CEST.
Flavor | Version | Tinstall | Tcheck | Ttotal | Status | Flags |
---|---|---|---|---|---|---|
r-devel-linux-x86_64-debian-clang | 1.3.1 | 13.99 | 179.71 | 193.70 | NOTE | |
r-devel-linux-x86_64-debian-gcc | 1.3.1 | 10.70 | 112.05 | 122.75 | OK | |
r-devel-linux-x86_64-fedora-clang | 1.3.1 | 113.00 | 204.87 | 317.87 | OK | |
r-devel-linux-x86_64-fedora-gcc | 1.3.1 | 66.00 | 245.27 | 311.27 | OK | |
r-devel-windows-x86_64 | 1.3.1 | 15.00 | 170.00 | 185.00 | OK | |
r-patched-linux-x86_64 | 1.3.1 | 12.64 | 158.34 | 170.98 | OK | |
r-release-linux-x86_64 | 1.3.1 | 13.92 | 160.49 | 174.41 | OK | |
r-release-macos-arm64 | 1.3.1 | 7.00 | 81.00 | 88.00 | OK | |
r-release-macos-x86_64 | 1.3.1 | 23.00 | 252.00 | 275.00 | OK | |
r-release-windows-x86_64 | 1.3.1 | 15.00 | 172.00 | 187.00 | OK | |
r-oldrel-macos-arm64 | 1.3.1 | 7.00 | 83.00 | 90.00 | OK | |
r-oldrel-macos-x86_64 | 1.3.1 | 28.00 | 274.00 | 302.00 | OK | |
r-oldrel-windows-x86_64 | 1.3.1 | 20.00 | 220.00 | 240.00 | OK |
Version: 1.3.1
Check: HTML version of manual
Result: NOTE
Found the following HTML validation problems:
get_display.html:47:1 (get_display.Rd:11): Warning: missing </ul> before </div>
new_fmt.html:73:1 (new_fmt.Rd:37): Warning: missing </ul> before </div>
tab_get_wrapped_dimensions.html:56:1 (tab_get_wrapped_dimensions.Rd:15): Warning: missing </ul> before </div>
Flavor: r-devel-linux-x86_64-debian-clang
These binaries (installable software) and packages are in development.
They may not be fully stable and should be used with caution. We make no claims about them.