CRAN Package Check Results for Package tacmagic

Last updated on 2025-10-23 11:50:30 CEST.

Flavor Version Tinstall Tcheck Ttotal Status Flags
r-devel-linux-x86_64-debian-clang 0.3.1 3.03 56.54 59.57 NOTE
r-devel-linux-x86_64-debian-gcc 0.3.1 2.28 40.84 43.12 NOTE
r-devel-linux-x86_64-fedora-clang 0.3.1 14.00 80.67 94.67 OK
r-devel-linux-x86_64-fedora-gcc 0.3.1 100.58 OK
r-devel-windows-x86_64 0.3.1 5.00 75.00 80.00 OK
r-patched-linux-x86_64 0.3.1 3.41 53.62 57.03 OK
r-release-linux-x86_64 0.3.1 2.93 53.98 56.91 OK
r-release-macos-arm64 0.3.1 2.00 40.00 42.00 OK
r-release-macos-x86_64 0.3.1 2.00 64.00 66.00 OK
r-release-windows-x86_64 0.3.1 6.00 77.00 83.00 OK
r-oldrel-macos-arm64 0.3.1 2.00 38.00 40.00 OK
r-oldrel-macos-x86_64 0.3.1 3.00 50.00 53.00 OK
r-oldrel-windows-x86_64 0.3.1 6.00 92.00 98.00 OK

Check Details

Version: 0.3.1
Check: CRAN incoming feasibility
Result: NOTE Maintainer: ‘Eric Brown <eb@ericebrown.com>’ The BugReports field in DESCRIPTION has https://github.com/ropensci/tacmagic which should likely be https://github.com/ropensci/tacmagic/issues instead. Flavors: r-devel-linux-x86_64-debian-clang, r-devel-linux-x86_64-debian-gcc

These binaries (installable software) and packages are in development.
They may not be fully stable and should be used with caution. We make no claims about them.