Last updated on 2025-02-16 08:51:03 CET.
Flavor | Version | Tinstall | Tcheck | Ttotal | Status | Flags |
---|---|---|---|---|---|---|
r-devel-linux-x86_64-debian-clang | 0.2.1 | 4.06 | 63.00 | 67.06 | NOTE | |
r-devel-linux-x86_64-debian-gcc | 0.2.1 | 2.45 | 47.89 | 50.34 | NOTE | |
r-devel-linux-x86_64-fedora-clang | 0.2.1 | 109.22 | OK | |||
r-devel-linux-x86_64-fedora-gcc | 0.2.1 | 116.54 | OK | |||
r-devel-macos-arm64 | 0.2.1 | 43.00 | OK | |||
r-devel-macos-x86_64 | 0.2.1 | 73.00 | OK | |||
r-devel-windows-x86_64 | 0.2.1 | 6.00 | 80.00 | 86.00 | NOTE | |
r-patched-linux-x86_64 | 0.2.1 | 4.94 | 60.54 | 65.48 | OK | |
r-release-linux-x86_64 | 0.2.1 | 3.08 | 60.47 | 63.55 | OK | |
r-release-macos-arm64 | 0.2.1 | 45.00 | OK | |||
r-release-macos-x86_64 | 0.2.1 | 58.00 | OK | |||
r-release-windows-x86_64 | 0.2.1 | 7.00 | 81.00 | 88.00 | OK | |
r-oldrel-macos-arm64 | 0.2.1 | 41.00 | OK | |||
r-oldrel-macos-x86_64 | 0.2.1 | 96.00 | OK | |||
r-oldrel-windows-x86_64 | 0.2.1 | 7.00 | 112.00 | 119.00 | OK |
Version: 0.2.1
Check: Rd cross-references
Result: NOTE
Found the following Rd file(s) with Rd \link{} targets missing package
anchors:
xyplot.Arima.Rd: xyplot
Please provide package anchors for all Rd \link{} targets not in the
package itself and the base packages.
Flavors: r-devel-linux-x86_64-debian-clang, r-devel-linux-x86_64-debian-gcc, r-devel-windows-x86_64
These binaries (installable software) and packages are in development.
They may not be fully stable and should be used with caution. We make no claims about them.