Last updated on 2025-10-23 11:50:30 CEST.
Flavor | Version | Tinstall | Tcheck | Ttotal | Status | Flags |
---|---|---|---|---|---|---|
r-devel-linux-x86_64-debian-clang | 0.2.0 | 8.94 | 77.69 | 86.63 | NOTE | |
r-devel-linux-x86_64-debian-gcc | 0.2.0 | 4.83 | 50.74 | 55.57 | NOTE | |
r-devel-linux-x86_64-fedora-clang | 0.2.0 | 41.00 | 94.74 | 135.74 | NOTE | |
r-devel-linux-x86_64-fedora-gcc | 0.2.0 | 16.00 | 103.85 | 119.85 | NOTE | |
r-devel-windows-x86_64 | 0.2.0 | 12.00 | 103.00 | 115.00 | NOTE | |
r-patched-linux-x86_64 | 0.2.0 | 10.60 | 72.80 | 83.40 | NOTE | |
r-release-linux-x86_64 | 0.2.0 | 8.90 | 71.93 | 80.83 | NOTE | |
r-release-macos-arm64 | 0.2.0 | 4.00 | 33.00 | 37.00 | NOTE | |
r-release-macos-x86_64 | 0.2.0 | 7.00 | 65.00 | 72.00 | NOTE | |
r-release-windows-x86_64 | 0.2.0 | 11.00 | 106.00 | 117.00 | NOTE | |
r-oldrel-macos-arm64 | 0.2.0 | 4.00 | 33.00 | 37.00 | OK | |
r-oldrel-macos-x86_64 | 0.2.0 | 10.00 | 77.00 | 87.00 | OK | |
r-oldrel-windows-x86_64 | 0.2.0 | 16.00 | 126.00 | 142.00 | OK |
Version: 0.2.0
Check: DESCRIPTION meta-information
Result: NOTE
Missing dependency on R >= 4.1.0 because package code uses the pipe
|> or function shorthand \(...) syntax added in R 4.1.0.
File(s) using such syntax:
‘plott.R’ ‘read_cats_csv.R’
Flavors: r-devel-linux-x86_64-debian-clang, r-devel-linux-x86_64-debian-gcc, r-devel-linux-x86_64-fedora-clang, r-devel-linux-x86_64-fedora-gcc, r-devel-windows-x86_64, r-patched-linux-x86_64, r-release-linux-x86_64, r-release-macos-arm64, r-release-macos-x86_64, r-release-windows-x86_64
Version: 0.2.0
Check: HTML version of manual
Result: NOTE
Found the following HTML validation problems:
get_researcher.html:46:1 (get_researcher.Rd:10): Warning: missing </ul> before </div>
get_species.html:46:1 (get_species.Rd:10): Warning: missing </ul> before </div>
Flavor: r-devel-linux-x86_64-debian-clang
These binaries (installable software) and packages are in development.
They may not be fully stable and should be used with caution. We make no claims about them.