Last updated on 2025-11-11 15:50:50 CET.
| Flavor | Version | Tinstall | Tcheck | Ttotal | Status | Flags |
|---|---|---|---|---|---|---|
| r-devel-linux-x86_64-debian-clang | 1.0.1 | 15.33 | 96.32 | 111.65 | NOTE | |
| r-devel-linux-x86_64-debian-gcc | 1.0.1 | 9.81 | 70.63 | 80.44 | NOTE | |
| r-devel-linux-x86_64-fedora-clang | 1.0.1 | 30.00 | 142.10 | 172.10 | OK | |
| r-devel-linux-x86_64-fedora-gcc | 1.0.1 | 28.00 | 148.22 | 176.22 | OK | |
| r-devel-windows-x86_64 | 1.0.1 | 17.00 | 106.00 | 123.00 | OK | |
| r-patched-linux-x86_64 | 1.0.1 | 14.47 | 92.64 | 107.11 | OK | |
| r-release-linux-x86_64 | 1.0.1 | 14.37 | 92.56 | 106.93 | OK | |
| r-release-macos-arm64 | 1.0.1 | 8.00 | 53.00 | 61.00 | OK | |
| r-release-macos-x86_64 | 1.0.1 | 15.00 | 117.00 | 132.00 | OK | |
| r-release-windows-x86_64 | 1.0.1 | 19.00 | 107.00 | 126.00 | OK | |
| r-oldrel-macos-arm64 | 1.0.1 | 7.00 | 47.00 | 54.00 | OK | |
| r-oldrel-macos-x86_64 | 1.0.1 | 16.00 | 81.00 | 97.00 | OK | |
| r-oldrel-windows-x86_64 | 1.0.1 | 23.00 | 131.00 | 154.00 | OK |
Version: 1.0.1
Check: CRAN incoming feasibility
Result: NOTE
Maintainer: ‘Anna Kiriliouk <anna.kiriliouk@unamur.be>’
No Authors@R field in DESCRIPTION.
Please add one, modifying
Authors@R: person(given = "Anna",
family = "Kiriliouk",
role = c("aut", "cre"),
email = "anna.kiriliouk@unamur.be")
as necessary.
Flavors: r-devel-linux-x86_64-debian-clang, r-devel-linux-x86_64-debian-gcc
These binaries (installable software) and packages are in development.
They may not be fully stable and should be used with caution. We make no claims about them.