Last updated on 2025-10-03 07:49:58 CEST.
Flavor | Version | Tinstall | Tcheck | Ttotal | Status | Flags |
---|---|---|---|---|---|---|
r-devel-linux-x86_64-debian-clang | 0.1.3 | 6.20 | 77.51 | 83.71 | NOTE | |
r-devel-linux-x86_64-debian-gcc | 0.1.3 | 4.49 | 56.58 | 61.07 | NOTE | |
r-devel-linux-x86_64-fedora-clang | 0.1.3 | 124.24 | NOTE | |||
r-devel-linux-x86_64-fedora-gcc | 0.1.3 | 135.17 | NOTE | |||
r-devel-windows-x86_64 | 0.1.3 | 10.00 | 86.00 | 96.00 | NOTE | |
r-patched-linux-x86_64 | 0.1.3 | 6.56 | 73.72 | 80.28 | NOTE | |
r-release-linux-x86_64 | 0.1.3 | 6.44 | 72.93 | 79.37 | NOTE | |
r-release-macos-arm64 | 0.1.3 | 39.00 | NOTE | |||
r-release-macos-x86_64 | 0.1.3 | 75.00 | NOTE | |||
r-release-windows-x86_64 | 0.1.3 | 8.00 | 87.00 | 95.00 | NOTE | |
r-oldrel-macos-arm64 | 0.1.3 | 46.00 | OK | |||
r-oldrel-macos-x86_64 | 0.1.3 | 67.00 | OK | |||
r-oldrel-windows-x86_64 | 0.1.3 | 13.00 | 107.00 | 120.00 | OK |
Version: 0.1.3
Check: DESCRIPTION meta-information
Result: NOTE
Missing dependency on R >= 4.1.0 because package code uses the pipe
|> or function shorthand \(...) syntax added in R 4.1.0.
File(s) using such syntax:
‘add_lines.R’ ‘init.R’ ‘plots.R’ ‘report.R’ ‘tokenize.R’
Flavors: r-devel-linux-x86_64-debian-clang, r-devel-linux-x86_64-debian-gcc, r-devel-linux-x86_64-fedora-clang, r-devel-linux-x86_64-fedora-gcc, r-devel-windows-x86_64, r-patched-linux-x86_64, r-release-linux-x86_64, r-release-macos-arm64, r-release-macos-x86_64, r-release-windows-x86_64
These binaries (installable software) and packages are in development.
They may not be fully stable and should be used with caution. We make no claims about them.