CRAN Package Check Results for Package tangram

Last updated on 2025-05-01 14:49:24 CEST.

Flavor Version Tinstall Tcheck Ttotal Status Flags
r-devel-linux-x86_64-debian-clang 0.8.2 16.75 66.90 83.65 NOTE
r-devel-linux-x86_64-debian-gcc 0.8.2 10.57 47.66 58.23 NOTE
r-devel-linux-x86_64-fedora-clang 0.8.2 127.89 OK
r-devel-linux-x86_64-fedora-gcc 0.8.2 123.65 OK
r-devel-windows-x86_64 0.8.2 17.00 107.00 124.00 NOTE
r-patched-linux-x86_64 0.8.2 17.18 63.28 80.46 NOTE
r-release-linux-x86_64 NOTE
r-release-macos-arm64 0.8.2 43.00 OK
r-release-macos-x86_64 0.8.2 76.00 OK
r-release-windows-x86_64 0.8.2 18.00 112.00 130.00 NOTE
r-oldrel-macos-arm64 0.8.2 34.00 OK
r-oldrel-macos-x86_64 0.8.2 52.00 OK
r-oldrel-windows-x86_64 0.8.2 20.00 112.00 132.00 OK

Check Details

Version: 0.8.2
Check: Rd cross-references
Result: NOTE Found the following Rd file(s) with Rd \link{} targets missing package anchors: ASTBranch.Rd: R6Class ASTFunction.Rd: R6Class ASTMultiply.Rd: R6Class ASTPlus.Rd: R6Class ASTTableFormula.Rd: R6Class ASTVariable.Rd: R6Class Parser.Rd: R6Class Token.Rd: R6Class Please provide package anchors for all Rd \link{} targets not in the package itself and the base packages. Flavors: r-devel-linux-x86_64-debian-clang, r-devel-linux-x86_64-debian-gcc, r-devel-windows-x86_64, r-patched-linux-x86_64, r-release-linux-x86_64, r-release-windows-x86_64

These binaries (installable software) and packages are in development.
They may not be fully stable and should be used with caution. We make no claims about them.