Last updated on 2025-10-23 17:51:05 CEST.
Flavor | Version | Tinstall | Tcheck | Ttotal | Status | Flags |
---|---|---|---|---|---|---|
r-devel-linux-x86_64-debian-clang | 0.2.0 | 2.29 | 29.98 | 32.27 | NOTE | |
r-devel-linux-x86_64-debian-gcc | 0.2.0 | 1.57 | 23.99 | 25.56 | NOTE | |
r-devel-linux-x86_64-fedora-clang | 0.2.0 | 18.00 | 33.98 | 51.98 | NOTE | |
r-devel-linux-x86_64-fedora-gcc | 0.2.0 | 17.00 | 48.06 | 65.06 | NOTE | |
r-devel-windows-x86_64 | 0.2.0 | 4.00 | 50.00 | 54.00 | NOTE | |
r-patched-linux-x86_64 | 0.2.0 | 2.85 | 27.45 | 30.30 | NOTE | |
r-release-linux-x86_64 | 0.2.0 | 1.74 | 27.45 | 29.19 | NOTE | |
r-release-macos-arm64 | 0.2.0 | 2.00 | 29.00 | 31.00 | NOTE | |
r-release-macos-x86_64 | 0.2.0 | 2.00 | 44.00 | 46.00 | NOTE | |
r-release-windows-x86_64 | 0.2.0 | 5.00 | 51.00 | 56.00 | NOTE | |
r-oldrel-macos-arm64 | 0.2.0 | 2.00 | 27.00 | 29.00 | OK | |
r-oldrel-macos-x86_64 | 0.2.0 | 2.00 | 40.00 | 42.00 | OK | |
r-oldrel-windows-x86_64 | 0.2.0 | 6.00 | 58.00 | 64.00 | OK |
Version: 0.2.0
Check: DESCRIPTION meta-information
Result: NOTE
Missing dependency on R >= 4.1.0 because package code uses the pipe
|> or function shorthand \(...) syntax added in R 4.1.0.
File(s) using such syntax:
‘auth0.R’ ‘config.R’ ‘entra_id.R’ ‘google.R’ ‘utils.R’
Flavors: r-devel-linux-x86_64-debian-clang, r-devel-linux-x86_64-debian-gcc, r-devel-linux-x86_64-fedora-clang, r-devel-linux-x86_64-fedora-gcc, r-devel-windows-x86_64, r-patched-linux-x86_64, r-release-linux-x86_64, r-release-macos-arm64, r-release-macos-x86_64, r-release-windows-x86_64
Version: 0.2.0
Check: HTML version of manual
Result: NOTE
Found the following HTML validation problems:
refresh_jwks.html:46:1 (refresh_jwks.Rd:10): Warning: missing </ul> before </div>
Flavor: r-devel-linux-x86_64-debian-clang
These binaries (installable software) and packages are in development.
They may not be fully stable and should be used with caution. We make no claims about them.