Last updated on 2025-05-25 01:49:59 CEST.
Flavor | Version | Tinstall | Tcheck | Ttotal | Status | Flags |
---|---|---|---|---|---|---|
r-devel-linux-x86_64-debian-clang | 0.3 | 13.01 | 107.63 | 120.64 | NOTE | |
r-devel-linux-x86_64-debian-gcc | 0.3 | 9.18 | 77.98 | 87.16 | NOTE | |
r-devel-linux-x86_64-fedora-clang | 0.3 | 192.76 | NOTE | |||
r-devel-linux-x86_64-fedora-gcc | 0.3 | 193.35 | NOTE | |||
r-devel-windows-x86_64 | 0.3 | 16.00 | 168.00 | 184.00 | NOTE | |
r-patched-linux-x86_64 | 0.3 | 12.17 | 100.88 | 113.05 | NOTE | |
r-release-linux-x86_64 | 0.3 | 11.63 | 100.35 | 111.98 | NOTE | |
r-release-macos-arm64 | 0.3 | 67.00 | NOTE | |||
r-release-macos-x86_64 | 0.3 | 108.00 | NOTE | |||
r-release-windows-x86_64 | 0.3 | 15.00 | 118.00 | 133.00 | NOTE | |
r-oldrel-macos-arm64 | 0.3 | 55.00 | NOTE | |||
r-oldrel-macos-x86_64 | 0.3 | 87.00 | NOTE | |||
r-oldrel-windows-x86_64 | 0.3 | 19.00 | 144.00 | 163.00 | NOTE |
Version: 0.3
Check: Rd files
Result: NOTE
checkRd: (-1) tapnet-package.Rd:40: Escaped LaTeX specials: \&
Flavors: r-devel-linux-x86_64-debian-clang, r-devel-linux-x86_64-debian-gcc, r-devel-linux-x86_64-fedora-clang, r-devel-linux-x86_64-fedora-gcc, r-devel-windows-x86_64, r-patched-linux-x86_64, r-release-linux-x86_64, r-release-macos-arm64, r-release-macos-x86_64, r-release-windows-x86_64, r-oldrel-macos-arm64, r-oldrel-macos-x86_64, r-oldrel-windows-x86_64
These binaries (installable software) and packages are in development.
They may not be fully stable and should be used with caution. We make no claims about them.