CRAN Package Check Results for Package tardis

Last updated on 2025-05-01 14:49:24 CEST.

Flavor Version Tinstall Tcheck Ttotal Status Flags
r-devel-linux-x86_64-debian-clang 0.1.4 5.60 37.79 43.39 NOTE
r-devel-linux-x86_64-debian-gcc 0.1.4 3.90 28.69 32.59 NOTE
r-devel-linux-x86_64-fedora-clang 0.1.4 70.40 NOTE
r-devel-linux-x86_64-fedora-gcc 0.1.4 78.71 NOTE
r-devel-windows-x86_64 0.1.4 10.00 66.00 76.00 NOTE
r-patched-linux-x86_64 0.1.4 5.49 35.28 40.77 NOTE
r-release-linux-x86_64 NOTE
r-release-macos-arm64 0.1.4 33.00 NOTE
r-release-macos-x86_64 0.1.4 57.00 NOTE
r-release-windows-x86_64 0.1.4 10.00 71.00 81.00 NOTE
r-oldrel-macos-arm64 0.1.4 31.00 NOTE
r-oldrel-macos-x86_64 0.1.4 46.00 NOTE
r-oldrel-windows-x86_64 0.1.4 12.00 69.00 81.00 NOTE

Check Details

Version: 0.1.4
Check: C++ specification
Result: NOTE Specified C++11: please drop specification unless essential Flavors: r-devel-linux-x86_64-debian-clang, r-devel-linux-x86_64-debian-gcc, r-devel-linux-x86_64-fedora-clang, r-devel-linux-x86_64-fedora-gcc, r-devel-windows-x86_64, r-patched-linux-x86_64, r-release-linux-x86_64, r-release-macos-arm64, r-release-macos-x86_64, r-release-windows-x86_64, r-oldrel-macos-arm64, r-oldrel-macos-x86_64, r-oldrel-windows-x86_64

These binaries (installable software) and packages are in development.
They may not be fully stable and should be used with caution. We make no claims about them.