Last updated on 2025-11-11 15:50:50 CET.
| Flavor | Version | Tinstall | Tcheck | Ttotal | Status | Flags |
|---|---|---|---|---|---|---|
| r-devel-linux-x86_64-debian-clang | 0.1.4 | 5.71 | 39.60 | 45.31 | NOTE | |
| r-devel-linux-x86_64-debian-gcc | 0.1.4 | 3.87 | 30.65 | 34.52 | NOTE | |
| r-devel-linux-x86_64-fedora-clang | 0.1.4 | 16.00 | 54.89 | 70.89 | NOTE | |
| r-devel-linux-x86_64-fedora-gcc | 0.1.4 | 12.00 | 64.77 | 76.77 | NOTE | |
| r-devel-windows-x86_64 | 0.1.4 | 10.00 | 59.00 | 69.00 | NOTE | |
| r-patched-linux-x86_64 | 0.1.4 | 5.47 | 36.87 | 42.34 | NOTE | |
| r-release-linux-x86_64 | 0.1.4 | 5.56 | 37.18 | 42.74 | NOTE | |
| r-release-macos-arm64 | 0.1.4 | 3.00 | 30.00 | 33.00 | NOTE | |
| r-release-macos-x86_64 | 0.1.4 | 6.00 | 51.00 | 57.00 | NOTE | |
| r-release-windows-x86_64 | 0.1.4 | 13.00 | 60.00 | 73.00 | NOTE | |
| r-oldrel-macos-arm64 | 0.1.4 | 4.00 | 27.00 | 31.00 | NOTE | |
| r-oldrel-macos-x86_64 | 0.1.4 | 4.00 | 42.00 | 46.00 | NOTE | |
| r-oldrel-windows-x86_64 | 0.1.4 | 12.00 | 72.00 | 84.00 | NOTE |
Version: 0.1.4
Check: C++ specification
Result: NOTE
Specified C++11: please drop specification unless essential
Flavors: r-devel-linux-x86_64-debian-clang, r-devel-linux-x86_64-debian-gcc, r-devel-linux-x86_64-fedora-clang, r-devel-linux-x86_64-fedora-gcc, r-devel-windows-x86_64, r-patched-linux-x86_64, r-release-linux-x86_64, r-release-macos-arm64, r-release-macos-x86_64, r-release-windows-x86_64, r-oldrel-macos-arm64, r-oldrel-macos-x86_64, r-oldrel-windows-x86_64
These binaries (installable software) and packages are in development.
They may not be fully stable and should be used with caution. We make no claims about them.