Last updated on 2025-02-16 08:51:03 CET.
Flavor | Version | Tinstall | Tcheck | Ttotal | Status | Flags |
---|---|---|---|---|---|---|
r-devel-linux-x86_64-debian-clang | 0.5 | 169.89 | 155.73 | 325.62 | OK | |
r-devel-linux-x86_64-debian-gcc | 0.5 | 120.12 | 111.28 | 231.40 | OK | |
r-devel-linux-x86_64-fedora-clang | 0.5 | 609.25 | OK | |||
r-devel-linux-x86_64-fedora-gcc | 0.5 | 638.26 | OK | |||
r-devel-macos-arm64 | 0.5 | 125.00 | OK | |||
r-devel-macos-x86_64 | 0.5 | 211.00 | OK | |||
r-devel-windows-x86_64 | 0.5 | 178.00 | 180.00 | 358.00 | OK | |
r-patched-linux-x86_64 | 0.5 | 165.89 | 143.09 | 308.98 | OK | |
r-release-linux-x86_64 | 0.5 | 171.85 | 141.85 | 313.70 | OK | |
r-release-macos-arm64 | 0.5 | 133.00 | NOTE | |||
r-release-macos-x86_64 | 0.5 | 160.00 | NOTE | |||
r-release-windows-x86_64 | 0.5 | 177.00 | 182.00 | 359.00 | OK | |
r-oldrel-macos-arm64 | 0.5 | 137.00 | NOTE | |||
r-oldrel-macos-x86_64 | 0.5 | 265.00 | NOTE | |||
r-oldrel-windows-x86_64 | 0.5 | 212.00 | 217.00 | 429.00 | OK |
Version: 0.5
Check: installed package size
Result: NOTE
installed size is 15.0Mb
sub-directories of 1Mb or more:
doc 1.1Mb
libs 13.3Mb
Flavors: r-release-macos-arm64, r-release-macos-x86_64, r-oldrel-macos-arm64, r-oldrel-macos-x86_64
These binaries (installable software) and packages are in development.
They may not be fully stable and should be used with caution. We make no claims about them.