Last updated on 2025-05-08 04:52:20 CEST.
Flavor | Version | Tinstall | Tcheck | Ttotal | Status | Flags |
---|---|---|---|---|---|---|
r-devel-linux-x86_64-debian-clang | 0.5 | 174.65 | 159.10 | 333.75 | NOTE | |
r-devel-linux-x86_64-debian-gcc | 0.5 | 121.37 | 113.75 | 235.12 | NOTE | |
r-devel-linux-x86_64-fedora-clang | 0.5 | 626.42 | NOTE | |||
r-devel-linux-x86_64-fedora-gcc | 0.5 | 678.83 | NOTE | |||
r-devel-windows-x86_64 | 0.5 | 194.00 | 181.00 | 375.00 | NOTE | |
r-patched-linux-x86_64 | 0.5 | 172.46 | 145.31 | 317.77 | NOTE | |
r-release-linux-x86_64 | 0.5 | 172.38 | 143.81 | 316.19 | NOTE | |
r-release-macos-arm64 | 0.5 | 145.00 | NOTE | |||
r-release-macos-x86_64 | 0.5 | 230.00 | NOTE | |||
r-release-windows-x86_64 | 0.5 | 196.00 | 190.00 | 386.00 | NOTE | |
r-oldrel-macos-arm64 | 0.5 | 133.00 | NOTE | |||
r-oldrel-macos-x86_64 | 0.5 | 160.00 | NOTE | |||
r-oldrel-windows-x86_64 | 0.5 | 232.00 | 236.00 | 468.00 | OK |
Version: 0.5
Check: DESCRIPTION meta-information
Result: NOTE
Missing dependency on R >= 4.1.0 because package code uses the pipe
|> or function shorthand \(...) syntax added in R 4.1.0.
File(s) using such syntax:
‘alean.Rd’ ‘nondom.Rd’
Flavors: r-devel-linux-x86_64-debian-clang, r-devel-linux-x86_64-debian-gcc, r-devel-linux-x86_64-fedora-clang, r-devel-linux-x86_64-fedora-gcc, r-devel-windows-x86_64, r-patched-linux-x86_64, r-release-linux-x86_64, r-release-macos-arm64, r-release-macos-x86_64, r-release-windows-x86_64
Version: 0.5
Check: installed package size
Result: NOTE
installed size is 15.0Mb
sub-directories of 1Mb or more:
doc 1.1Mb
libs 13.3Mb
Flavors: r-oldrel-macos-arm64, r-oldrel-macos-x86_64
These binaries (installable software) and packages are in development.
They may not be fully stable and should be used with caution. We make no claims about them.