Last updated on 2025-11-11 15:50:50 CET.
| Flavor | Version | Tinstall | Tcheck | Ttotal | Status | Flags |
|---|---|---|---|---|---|---|
| r-devel-linux-x86_64-debian-clang | 0.1.1 | 8.28 | 71.27 | 79.55 | OK | |
| r-devel-linux-x86_64-debian-gcc | 0.1.1 | 4.93 | 51.18 | 56.11 | OK | |
| r-devel-linux-x86_64-fedora-clang | 0.1.1 | 18.00 | 99.81 | 117.81 | NOTE | |
| r-devel-linux-x86_64-fedora-gcc | 0.1.1 | 17.00 | 109.28 | 126.28 | NOTE | |
| r-devel-windows-x86_64 | 0.1.1 | 11.00 | 76.00 | 87.00 | OK | |
| r-patched-linux-x86_64 | 0.1.1 | 7.45 | 65.52 | 72.97 | OK | |
| r-release-linux-x86_64 | 0.1.1 | 7.20 | 65.26 | 72.46 | OK | |
| r-release-macos-arm64 | 0.1.1 | 3.00 | 39.00 | 42.00 | OK | |
| r-release-macos-x86_64 | 0.1.1 | 5.00 | 58.00 | 63.00 | OK | |
| r-release-windows-x86_64 | 0.1.1 | 9.00 | 76.00 | 85.00 | OK | |
| r-oldrel-macos-arm64 | 0.1.1 | 3.00 | 32.00 | 35.00 | NOTE | |
| r-oldrel-macos-x86_64 | 0.1.1 | 4.00 | 50.00 | 54.00 | NOTE | |
| r-oldrel-windows-x86_64 | 0.1.1 | 11.00 | 101.00 | 112.00 | NOTE |
Version: 0.1.1
Check: dependencies in R code
Result: NOTE
Namespaces in Imports field not imported from:
‘drat’ ‘plyr’
All declared Imports should be used.
Flavors: r-devel-linux-x86_64-fedora-clang, r-devel-linux-x86_64-fedora-gcc
Version: 0.1.1
Check: package dependencies
Result: NOTE
Package suggested but not available for checking: ‘tashudata’
Flavors: r-oldrel-macos-arm64, r-oldrel-macos-x86_64, r-oldrel-windows-x86_64
Version: 0.1.1
Check: LazyData
Result: NOTE
'LazyData' is specified without a 'data' directory
Flavors: r-oldrel-macos-arm64, r-oldrel-macos-x86_64, r-oldrel-windows-x86_64
These binaries (installable software) and packages are in development.
They may not be fully stable and should be used with caution. We make no claims about them.