Last updated on 2025-07-26 21:50:08 CEST.
Flavor | Version | Tinstall | Tcheck | Ttotal | Status | Flags |
---|---|---|---|---|---|---|
r-devel-linux-x86_64-debian-clang | 0.1.1 | 6.53 | 61.82 | 68.35 | OK | |
r-devel-linux-x86_64-debian-gcc | 0.1.1 | 4.97 | 43.64 | 48.61 | OK | |
r-devel-linux-x86_64-fedora-clang | 0.1.1 | 105.13 | NOTE | |||
r-devel-linux-x86_64-fedora-gcc | 0.1.1 | 108.25 | NOTE | |||
r-devel-windows-x86_64 | 0.1.1 | 9.00 | 82.00 | 91.00 | OK | |
r-patched-linux-x86_64 | 0.1.1 | 6.41 | 55.31 | 61.72 | OK | |
r-release-linux-x86_64 | 0.1.1 | 6.04 | 56.20 | 62.24 | OK | |
r-release-macos-arm64 | 0.1.1 | 42.00 | OK | |||
r-release-macos-x86_64 | 0.1.1 | 63.00 | OK | |||
r-release-windows-x86_64 | 0.1.1 | 8.00 | 73.00 | 81.00 | OK | |
r-oldrel-macos-arm64 | 0.1.1 | 35.00 | NOTE | |||
r-oldrel-macos-x86_64 | 0.1.1 | 54.00 | NOTE | |||
r-oldrel-windows-x86_64 | 0.1.1 | 10.00 | 94.00 | 104.00 | NOTE |
Version: 0.1.1
Check: dependencies in R code
Result: NOTE
Namespaces in Imports field not imported from:
‘drat’ ‘plyr’
All declared Imports should be used.
Flavors: r-devel-linux-x86_64-fedora-clang, r-devel-linux-x86_64-fedora-gcc
Version: 0.1.1
Check: package dependencies
Result: NOTE
Package suggested but not available for checking: ‘tashudata’
Flavors: r-oldrel-macos-arm64, r-oldrel-macos-x86_64, r-oldrel-windows-x86_64
Version: 0.1.1
Check: LazyData
Result: NOTE
'LazyData' is specified without a 'data' directory
Flavors: r-oldrel-macos-arm64, r-oldrel-macos-x86_64, r-oldrel-windows-x86_64
These binaries (installable software) and packages are in development.
They may not be fully stable and should be used with caution. We make no claims about them.