Last updated on 2025-05-01 15:49:46 CEST.
Flavor | Version | Tinstall | Tcheck | Ttotal | Status | Flags |
---|---|---|---|---|---|---|
r-devel-linux-x86_64-debian-clang | 1.1.2 | 4.54 | 75.08 | 79.62 | NOTE | |
r-devel-linux-x86_64-debian-gcc | 1.1.2 | 3.48 | 51.59 | 55.07 | NOTE | |
r-devel-linux-x86_64-fedora-clang | 1.1.2 | 122.36 | OK | |||
r-devel-linux-x86_64-fedora-gcc | 1.1.2 | 128.65 | OK | |||
r-devel-windows-x86_64 | 1.1.2 | 5.00 | 100.00 | 105.00 | NOTE | |
r-patched-linux-x86_64 | 1.1.2 | 5.48 | 68.31 | 73.79 | NOTE | |
r-release-linux-x86_64 | NOTE | |||||
r-release-macos-arm64 | 1.1.2 | 43.00 | OK | |||
r-release-macos-x86_64 | 1.1.2 | 92.00 | OK | |||
r-release-windows-x86_64 | 1.1.2 | 6.00 | 106.00 | 112.00 | NOTE | |
r-oldrel-macos-arm64 | 1.1.2 | 38.00 | OK | |||
r-oldrel-macos-x86_64 | 1.1.2 | 77.00 | OK | |||
r-oldrel-windows-x86_64 | 1.1.2 | 7.00 | 117.00 | 124.00 | OK |
Version: 1.1.2
Check: Rd cross-references
Result: NOTE
Found the following Rd file(s) with Rd \link{} targets missing package
anchors:
Tagged_table.Rd: data.table
as.data.table.Mashed_table.Rd: as.data.table, data.table
as_workbook.Rd: openxlsx
cmash.Rd: data.table
write_worksheet.Rd: openxlsx
Please provide package anchors for all Rd \link{} targets not in the
package itself and the base packages.
Flavors: r-devel-linux-x86_64-debian-clang, r-devel-linux-x86_64-debian-gcc, r-devel-windows-x86_64, r-patched-linux-x86_64, r-release-linux-x86_64, r-release-windows-x86_64
These binaries (installable software) and packages are in development.
They may not be fully stable and should be used with caution. We make no claims about them.