Last updated on 2025-07-02 03:50:54 CEST.
Flavor | Version | Tinstall | Tcheck | Ttotal | Status | Flags |
---|---|---|---|---|---|---|
r-devel-linux-x86_64-debian-clang | 0.3.0 | 5.23 | 45.59 | 50.82 | NOTE | |
r-devel-linux-x86_64-debian-gcc | 0.3.0 | 4.00 | 34.24 | 38.24 | NOTE | |
r-devel-linux-x86_64-fedora-clang | 0.3.0 | 74.65 | OK | |||
r-devel-linux-x86_64-fedora-gcc | 0.3.0 | 70.01 | OK | |||
r-devel-windows-x86_64 | 0.3.0 | 8.00 | 67.00 | 75.00 | OK | |
r-patched-linux-x86_64 | OK | |||||
r-release-linux-x86_64 | 0.3.0 | 5.26 | 41.23 | 46.49 | OK | |
r-release-macos-arm64 | 0.3.0 | 29.00 | OK | |||
r-release-macos-x86_64 | 0.3.0 | 44.00 | OK | |||
r-release-windows-x86_64 | 0.3.0 | 7.00 | 71.00 | 78.00 | OK | |
r-oldrel-macos-arm64 | 0.3.0 | 25.00 | OK | |||
r-oldrel-macos-x86_64 | 0.3.0 | 38.00 | OK | |||
r-oldrel-windows-x86_64 | 0.3.0 | 10.00 | 77.00 | 87.00 | OK |
Version: 0.3.0
Check: CRAN incoming feasibility
Result: NOTE
Maintainer: ‘Lukas Burk <lukas@quantenbrot.de>’
Found the following (possibly) invalid file URI:
URI: CODE_OF_CONDUCT.md
From: README.md
Flavors: r-devel-linux-x86_64-debian-clang, r-devel-linux-x86_64-debian-gcc
These binaries (installable software) and packages are in development.
They may not be fully stable and should be used with caution. We make no claims about them.