Last updated on 2025-10-26 09:50:11 CET.
| Flavor | Version | Tinstall | Tcheck | Ttotal | Status | Flags |
|---|---|---|---|---|---|---|
| r-devel-linux-x86_64-debian-clang | 0.3.0 | 4.96 | 46.88 | 51.84 | NOTE | |
| r-devel-linux-x86_64-debian-gcc | 0.3.0 | 3.53 | 34.78 | 38.31 | NOTE | |
| r-devel-linux-x86_64-fedora-clang | 0.3.0 | 25.00 | 55.08 | 80.08 | OK | |
| r-devel-linux-x86_64-fedora-gcc | 0.3.0 | 12.00 | 59.78 | 71.78 | OK | |
| r-devel-windows-x86_64 | 0.3.0 | 7.00 | 66.00 | 73.00 | OK | |
| r-patched-linux-x86_64 | 0.3.0 | 6.53 | 42.89 | 49.42 | OK | |
| r-release-linux-x86_64 | 0.3.0 | 5.27 | 42.74 | 48.01 | OK | |
| r-release-macos-arm64 | 0.3.0 | 3.00 | 26.00 | 29.00 | OK | |
| r-release-macos-x86_64 | 0.3.0 | 5.00 | 39.00 | 44.00 | OK | |
| r-release-windows-x86_64 | 0.3.0 | 7.00 | 69.00 | 76.00 | OK | |
| r-oldrel-macos-arm64 | 0.3.0 | 3.00 | 22.00 | 25.00 | OK | |
| r-oldrel-macos-x86_64 | 0.3.0 | 4.00 | 34.00 | 38.00 | OK | |
| r-oldrel-windows-x86_64 | 0.3.0 | 10.00 | 80.00 | 90.00 | OK |
Version: 0.3.0
Check: CRAN incoming feasibility
Result: NOTE
Maintainer: ‘Lukas Burk <lukas@quantenbrot.de>’
Found the following (possibly) invalid file URI:
URI: CODE_OF_CONDUCT.md
From: README.md
Flavors: r-devel-linux-x86_64-debian-clang, r-devel-linux-x86_64-debian-gcc
These binaries (installable software) and packages are in development.
They may not be fully stable and should be used with caution. We make no claims about them.