Last updated on 2025-02-16 08:51:03 CET.
Flavor | Version | Tinstall | Tcheck | Ttotal | Status | Flags |
---|---|---|---|---|---|---|
r-devel-linux-x86_64-debian-clang | 0.4.3 | 7.80 | 67.91 | 75.71 | NOTE | |
r-devel-linux-x86_64-debian-gcc | 0.4.3 | 4.57 | 44.93 | 49.50 | NOTE | |
r-devel-linux-x86_64-fedora-clang | 0.4.3 | 120.86 | OK | |||
r-devel-linux-x86_64-fedora-gcc | 0.4.3 | 111.58 | OK | |||
r-devel-macos-arm64 | 0.4.3 | 34.00 | OK | |||
r-devel-macos-x86_64 | 0.4.3 | 66.00 | OK | |||
r-devel-windows-x86_64 | 0.4.3 | 10.00 | 93.00 | 103.00 | NOTE | |
r-patched-linux-x86_64 | 0.4.3 | 14.14 | 62.01 | 76.15 | OK | |
r-release-linux-x86_64 | 0.4.3 | 7.24 | 62.15 | 69.39 | OK | |
r-release-macos-arm64 | 0.4.3 | 33.00 | OK | |||
r-release-macos-x86_64 | 0.4.3 | 51.00 | OK | |||
r-release-windows-x86_64 | 0.4.3 | 11.00 | 97.00 | 108.00 | OK | |
r-oldrel-macos-arm64 | 0.4.3 | 42.00 | OK | |||
r-oldrel-macos-x86_64 | 0.4.3 | 73.00 | OK | |||
r-oldrel-windows-x86_64 | 0.4.3 | 13.00 | 130.00 | 143.00 | OK |
Version: 0.4.3
Check: Rd cross-references
Result: NOTE
Found the following Rd file(s) with Rd \link{} targets missing package
anchors:
as_data_frame.Rd: as_tibble
Please provide package anchors for all Rd \link{} targets not in the
package itself and the base packages.
Flavors: r-devel-linux-x86_64-debian-clang, r-devel-linux-x86_64-debian-gcc, r-devel-windows-x86_64
These binaries (installable software) and packages are in development.
They may not be fully stable and should be used with caution. We make no claims about them.