Last updated on 2025-07-25 13:50:35 CEST.
Flavor | Version | Tinstall | Tcheck | Ttotal | Status | Flags |
---|---|---|---|---|---|---|
r-devel-linux-x86_64-debian-clang | 0.2.1 | 7.62 | 68.97 | 76.59 | NOTE | |
r-devel-linux-x86_64-debian-gcc | 0.2.1 | 4.59 | 49.13 | 53.72 | NOTE | |
r-devel-linux-x86_64-fedora-clang | 0.2.1 | 117.36 | NOTE | |||
r-devel-linux-x86_64-fedora-gcc | 0.2.1 | 119.23 | NOTE | |||
r-devel-windows-x86_64 | 0.2.1 | 8.00 | 83.00 | 91.00 | NOTE | |
r-patched-linux-x86_64 | 0.2.1 | 6.42 | 63.56 | 69.98 | NOTE | |
r-release-linux-x86_64 | 0.2.1 | 6.59 | 63.51 | 70.10 | NOTE | |
r-release-macos-arm64 | 0.2.1 | 44.00 | NOTE | |||
r-release-macos-x86_64 | 0.2.1 | 150.00 | NOTE | |||
r-release-windows-x86_64 | 0.2.1 | 7.00 | 82.00 | 89.00 | NOTE | |
r-oldrel-macos-arm64 | 0.2.1 | 43.00 | OK | |||
r-oldrel-macos-x86_64 | 0.2.1 | 81.00 | OK | |||
r-oldrel-windows-x86_64 | 0.2.1 | 10.00 | 101.00 | 111.00 | OK |
Version: 0.2.1
Check: DESCRIPTION meta-information
Result: NOTE
Missing dependency on R >= 4.1.0 because package code uses the pipe
|> or function shorthand \(...) syntax added in R 4.1.0.
File(s) using such syntax:
‘parse_schema.R’
Flavors: r-devel-linux-x86_64-debian-clang, r-devel-linux-x86_64-debian-gcc, r-devel-linux-x86_64-fedora-clang, r-devel-linux-x86_64-fedora-gcc, r-devel-windows-x86_64, r-patched-linux-x86_64, r-release-linux-x86_64, r-release-macos-arm64, r-release-macos-x86_64, r-release-windows-x86_64
These binaries (installable software) and packages are in development.
They may not be fully stable and should be used with caution. We make no claims about them.