Last updated on 2025-07-24 01:50:38 CEST.
Flavor | Version | Tinstall | Tcheck | Ttotal | Status | Flags |
---|---|---|---|---|---|---|
r-devel-linux-x86_64-debian-clang | 0.10.0 | 17.10 | 114.77 | 131.87 | OK | |
r-devel-linux-x86_64-debian-gcc | 0.10.0 | 10.40 | 74.42 | 84.82 | OK | |
r-devel-linux-x86_64-fedora-clang | 0.10.0 | 203.41 | OK | |||
r-devel-linux-x86_64-fedora-gcc | 0.10.0 | 196.79 | OK | |||
r-devel-windows-x86_64 | 0.10.0 | 19.00 | 145.00 | 164.00 | OK | |
r-patched-linux-x86_64 | 0.10.0 | 19.80 | 102.87 | 122.67 | OK | |
r-release-linux-x86_64 | 0.10.0 | 15.03 | 102.56 | 117.59 | OK | |
r-release-macos-arm64 | 0.10.0 | 54.00 | OK | |||
r-release-macos-x86_64 | 0.10.0 | 104.00 | OK | |||
r-release-windows-x86_64 | 0.10.0 | 21.00 | 142.00 | 163.00 | OK | |
r-oldrel-macos-arm64 | 0.10.0 | 53.00 | NOTE | |||
r-oldrel-macos-x86_64 | 0.10.0 | 113.00 | OK | |||
r-oldrel-windows-x86_64 | 0.10.0 | 24.00 | 180.00 | 204.00 | OK |
Version: 0.10.0
Check: R code for possible problems
Result: NOTE
Found the following possibly unsafe calls:
Fatal error: cannot create 'R_TempDir'
Fatal error: cannot create 'R_TempDir'
Flavor: r-oldrel-macos-arm64
These binaries (installable software) and packages are in development.
They may not be fully stable and should be used with caution. We make no claims about them.