Last updated on 2025-05-21 23:48:58 CEST.
Flavor | Version | Tinstall | Tcheck | Ttotal | Status | Flags |
---|---|---|---|---|---|---|
r-devel-linux-x86_64-debian-clang | 0.10.0 | 17.59 | 113.55 | 131.14 | OK | |
r-devel-linux-x86_64-debian-gcc | 0.10.0 | 11.96 | 77.49 | 89.45 | OK | |
r-devel-linux-x86_64-fedora-clang | 0.10.0 | 201.54 | OK | |||
r-devel-linux-x86_64-fedora-gcc | 0.10.0 | 185.45 | OK | |||
r-devel-windows-x86_64 | 0.10.0 | 20.00 | 159.00 | 179.00 | OK | |
r-patched-linux-x86_64 | 0.10.0 | 15.80 | 101.74 | 117.54 | OK | |
r-release-linux-x86_64 | 0.10.0 | 14.58 | 102.21 | 116.79 | OK | |
r-release-macos-arm64 | 0.10.0 | 54.00 | OK | |||
r-release-macos-x86_64 | 0.10.0 | 104.00 | OK | |||
r-release-windows-x86_64 | 0.10.0 | 19.00 | 146.00 | 165.00 | OK | |
r-oldrel-macos-arm64 | 0.10.0 | 53.00 | NOTE | |||
r-oldrel-macos-x86_64 | 0.10.0 | 113.00 | OK | |||
r-oldrel-windows-x86_64 | 0.10.0 | 26.00 | 175.00 | 201.00 | OK |
Version: 0.10.0
Check: R code for possible problems
Result: NOTE
Found the following possibly unsafe calls:
Fatal error: cannot create 'R_TempDir'
Fatal error: cannot create 'R_TempDir'
Flavor: r-oldrel-macos-arm64
These binaries (installable software) and packages are in development.
They may not be fully stable and should be used with caution. We make no claims about them.