CRAN Package Check Results for Package taxonomizr

Last updated on 2025-10-23 11:50:30 CEST.

Flavor Version Tinstall Tcheck Ttotal Status Flags
r-devel-linux-x86_64-debian-clang 0.11.1 3.98 83.29 87.27 NOTE
r-devel-linux-x86_64-debian-gcc 0.11.1 2.83 59.43 62.26 OK
r-devel-linux-x86_64-fedora-clang 0.11.1 16.00 119.50 135.50 OK
r-devel-linux-x86_64-fedora-gcc 0.11.1 129.44 OK
r-devel-windows-x86_64 0.11.1 8.00 111.00 119.00 OK
r-patched-linux-x86_64 0.11.1 2.53 77.12 79.65 OK
r-release-linux-x86_64 0.11.1 3.34 76.13 79.47 OK
r-release-macos-arm64 0.11.1 4.00 59.00 63.00 OK
r-release-macos-x86_64 0.11.1 5.00 102.00 107.00 OK
r-release-windows-x86_64 0.11.1 9.00 117.00 126.00 OK
r-oldrel-macos-arm64 0.11.1 3.00 47.00 50.00 OK
r-oldrel-macos-x86_64 0.11.1 4.00 102.00 106.00 OK
r-oldrel-windows-x86_64 0.11.1 9.00 137.00 146.00 OK

Check Details

Version: 0.11.1
Check: HTML version of manual
Result: NOTE Found the following HTML validation problems: trimTaxa.html:54:1 (trimTaxa.Rd:14): Warning: missing </ul> before </div> Flavor: r-devel-linux-x86_64-debian-clang

These binaries (installable software) and packages are in development.
They may not be fully stable and should be used with caution. We make no claims about them.